Last updated on 2025-02-22 06:51:50 CET.
Flavor | Version | Tinstall | Tcheck | Ttotal | Status | Flags |
---|---|---|---|---|---|---|
r-devel-linux-x86_64-debian-clang | 2.0.0 | 9.46 | 82.30 | 91.76 | OK | |
r-devel-linux-x86_64-debian-gcc | 2.0.0 | 6.73 | 57.71 | 64.44 | OK | |
r-devel-linux-x86_64-fedora-clang | 2.0.0 | 146.31 | OK | |||
r-devel-linux-x86_64-fedora-gcc | 2.0.0 | 136.82 | OK | |||
r-devel-macos-arm64 | 2.0.0 | 43.00 | OK | |||
r-devel-macos-x86_64 | 2.0.0 | 76.00 | OK | |||
r-devel-windows-x86_64 | 2.0.0 | 12.00 | 95.00 | 107.00 | OK | |
r-patched-linux-x86_64 | 2.0.0 | 10.57 | 73.93 | 84.50 | NOTE | |
r-release-linux-x86_64 | 2.0.0 | 9.79 | 75.12 | 84.91 | NOTE | |
r-release-macos-arm64 | 2.0.0 | 41.00 | NOTE | |||
r-release-macos-x86_64 | 2.0.0 | 59.00 | NOTE | |||
r-release-windows-x86_64 | 2.0.0 | 12.00 | 89.00 | 101.00 | NOTE | |
r-oldrel-macos-arm64 | 2.0.0 | 47.00 | NOTE | |||
r-oldrel-macos-x86_64 | 2.0.0 | 74.00 | NOTE | |||
r-oldrel-windows-x86_64 | 2.0.0 | 14.00 | 112.00 | 126.00 | NOTE |
Version: 2.0.0
Check: LazyData
Result: NOTE
'LazyData' is specified without a 'data' directory
Flavors: r-patched-linux-x86_64, r-release-linux-x86_64, r-release-macos-arm64, r-release-macos-x86_64, r-release-windows-x86_64, r-oldrel-macos-arm64, r-oldrel-macos-x86_64, r-oldrel-windows-x86_64