Last updated on 2025-02-22 06:51:49 CET.
Flavor | Version | Tinstall | Tcheck | Ttotal | Status | Flags |
---|---|---|---|---|---|---|
r-devel-linux-x86_64-debian-clang | 0.2 | 10.32 | 82.98 | 93.30 | OK | |
r-devel-linux-x86_64-debian-gcc | 0.2 | 6.24 | 56.13 | 62.37 | OK | |
r-devel-linux-x86_64-fedora-clang | 0.2 | 148.13 | OK | |||
r-devel-linux-x86_64-fedora-gcc | 0.2 | 136.28 | OK | |||
r-devel-macos-arm64 | 0.2 | 39.00 | OK | |||
r-devel-macos-x86_64 | 0.2 | 78.00 | OK | |||
r-devel-windows-x86_64 | 0.2 | 11.00 | 95.00 | 106.00 | OK | |
r-patched-linux-x86_64 | 0.2 | 10.49 | 77.07 | 87.56 | NOTE | |
r-release-linux-x86_64 | 0.2 | 9.67 | 77.77 | 87.44 | NOTE | |
r-release-macos-arm64 | 0.2 | 36.00 | NOTE | |||
r-release-macos-x86_64 | 0.2 | 60.00 | NOTE | |||
r-release-windows-x86_64 | 0.2 | 12.00 | 88.00 | 100.00 | NOTE | |
r-oldrel-macos-arm64 | 0.2 | 45.00 | NOTE | |||
r-oldrel-macos-x86_64 | 0.2 | 69.00 | NOTE | |||
r-oldrel-windows-x86_64 | 0.2 | 14.00 | 108.00 | 122.00 | NOTE |
Version: 0.2
Check: LazyData
Result: NOTE
'LazyData' is specified without a 'data' directory
Flavors: r-patched-linux-x86_64, r-release-linux-x86_64, r-release-macos-arm64, r-release-macos-x86_64, r-release-windows-x86_64, r-oldrel-macos-arm64, r-oldrel-macos-x86_64, r-oldrel-windows-x86_64