Last updated on 2025-02-22 06:51:49 CET.
Flavor | Version | Tinstall | Tcheck | Ttotal | Status | Flags |
---|---|---|---|---|---|---|
r-devel-linux-x86_64-debian-clang | 0.1.0 | 10.38 | 16.32 | 26.70 | OK | |
r-devel-linux-x86_64-debian-gcc | 0.1.0 | 7.19 | 13.26 | 20.45 | OK | |
r-devel-linux-x86_64-fedora-clang | 0.1.0 | 44.46 | OK | |||
r-devel-linux-x86_64-fedora-gcc | 0.1.0 | 43.56 | OK | |||
r-devel-macos-arm64 | 0.1.0 | 21.00 | OK | |||
r-devel-macos-x86_64 | 0.1.0 | 32.00 | OK | |||
r-devel-windows-x86_64 | 0.1.0 | 9.00 | 37.00 | 46.00 | OK | |
r-patched-linux-x86_64 | 0.1.0 | 9.74 | 15.86 | 25.60 | OK | |
r-release-linux-x86_64 | 0.1.0 | 10.92 | 16.00 | 26.92 | OK | |
r-release-macos-arm64 | 0.1.0 | 22.00 | NOTE | |||
r-release-macos-x86_64 | 0.1.0 | 28.00 | NOTE | |||
r-release-windows-x86_64 | 0.1.0 | 11.00 | 38.00 | 49.00 | NOTE | |
r-oldrel-macos-arm64 | 0.1.0 | 26.00 | NOTE | |||
r-oldrel-macos-x86_64 | 0.1.0 | 53.00 | NOTE | |||
r-oldrel-windows-x86_64 | 0.1.0 | 10.00 | 40.00 | 50.00 | NOTE |
Version: 0.1.0
Check: installed package size
Result: NOTE
installed size is 13.0Mb
sub-directories of 1Mb or more:
data 13.0Mb
Flavors: r-release-macos-arm64, r-release-macos-x86_64, r-release-windows-x86_64, r-oldrel-macos-arm64, r-oldrel-macos-x86_64, r-oldrel-windows-x86_64