Last updated on 2025-02-22 06:51:47 CET.
Flavor | Version | Tinstall | Tcheck | Ttotal | Status | Flags |
---|---|---|---|---|---|---|
r-devel-linux-x86_64-debian-clang | 1.0.5 | 13.06 | 278.35 | 291.41 | OK | |
r-devel-linux-x86_64-debian-gcc | 1.0.5 | 10.17 | 163.06 | 173.23 | OK | |
r-devel-linux-x86_64-fedora-clang | 1.0.5 | 491.37 | OK | |||
r-devel-linux-x86_64-fedora-gcc | 1.0.5 | 483.60 | OK | |||
r-devel-macos-arm64 | 1.0.5 | 109.00 | OK | |||
r-devel-macos-x86_64 | 1.0.5 | 222.00 | OK | |||
r-devel-windows-x86_64 | 1.0.5 | 14.00 | 254.00 | 268.00 | OK | |
r-patched-linux-x86_64 | 1.0.5 | 13.83 | 273.60 | 287.43 | OK | |
r-release-linux-x86_64 | 1.0.5 | 12.77 | 268.15 | 280.92 | OK | |
r-release-macos-arm64 | 1.0.5 | 87.00 | NOTE | |||
r-release-macos-x86_64 | 1.0.5 | 139.00 | NOTE | |||
r-release-windows-x86_64 | 1.0.5 | 15.00 | 184.00 | 199.00 | NOTE | |
r-oldrel-macos-arm64 | 1.0.5 | 97.00 | NOTE | |||
r-oldrel-macos-x86_64 | 1.0.5 | 164.00 | NOTE | |||
r-oldrel-windows-x86_64 | 1.0.5 | 18.00 | 266.00 | 284.00 | NOTE |
Version: 1.0.5
Check: installed package size
Result: NOTE
installed size is 5.7Mb
sub-directories of 1Mb or more:
doc 5.0Mb
Flavors: r-release-macos-arm64, r-release-macos-x86_64, r-release-windows-x86_64, r-oldrel-macos-arm64, r-oldrel-macos-x86_64, r-oldrel-windows-x86_64