Last updated on 2025-02-22 06:51:47 CET.
Flavor | Version | Tinstall | Tcheck | Ttotal | Status | Flags |
---|---|---|---|---|---|---|
r-devel-linux-x86_64-debian-clang | 0.1.7 | 12.91 | 96.09 | 109.00 | NOTE | |
r-devel-linux-x86_64-debian-gcc | 0.1.7 | 9.42 | 66.75 | 76.17 | NOTE | |
r-devel-linux-x86_64-fedora-clang | 0.1.7 | 186.78 | OK | |||
r-devel-linux-x86_64-fedora-gcc | 0.1.7 | 169.60 | OK | |||
r-devel-macos-arm64 | 0.1.7 | 47.00 | OK | |||
r-devel-macos-x86_64 | 0.1.7 | 83.00 | OK | |||
r-devel-windows-x86_64 | 0.1.7 | 11.00 | 99.00 | 110.00 | NOTE | |
r-patched-linux-x86_64 | 0.1.7 | 19.32 | 89.74 | 109.06 | OK | |
r-release-linux-x86_64 | 0.1.7 | 12.62 | 88.77 | 101.39 | OK | |
r-release-macos-arm64 | 0.1.7 | 43.00 | OK | |||
r-release-macos-x86_64 | 0.1.7 | 68.00 | OK | |||
r-release-windows-x86_64 | 0.1.7 | 14.00 | 99.00 | 113.00 | OK | |
r-oldrel-macos-arm64 | 0.1.7 | 57.00 | OK | |||
r-oldrel-macos-x86_64 | 0.1.7 | 130.00 | OK | |||
r-oldrel-windows-x86_64 | 0.1.7 | 17.00 | 127.00 | 144.00 | OK |
Version: 0.1.7
Check: Rd cross-references
Result: NOTE
Found the following Rd file(s) with Rd \link{} targets missing package
anchors:
grf.Rd: ranger
grf.bw.Rd: ranger
Please provide package anchors for all Rd \link{} targets not in the
package itself and the base packages.
Flavors: r-devel-linux-x86_64-debian-clang, r-devel-linux-x86_64-debian-gcc, r-devel-windows-x86_64