Last updated on 2025-02-22 06:51:45 CET.
Flavor | Version | Tinstall | Tcheck | Ttotal | Status | Flags |
---|---|---|---|---|---|---|
r-devel-linux-x86_64-debian-clang | 1.27 | 21.01 | 151.45 | 172.46 | NOTE | |
r-devel-linux-x86_64-debian-gcc | 1.27 | 14.06 | 99.24 | 113.30 | NOTE | |
r-devel-linux-x86_64-fedora-clang | 1.27 | 298.26 | OK | |||
r-devel-linux-x86_64-fedora-gcc | 1.27 | 273.51 | OK | |||
r-devel-macos-arm64 | 1.27 | 71.00 | OK | |||
r-devel-macos-x86_64 | 1.27 | 132.00 | OK | |||
r-devel-windows-x86_64 | 1.27 | 24.00 | 157.00 | 181.00 | NOTE | |
r-patched-linux-x86_64 | 1.27 | 29.60 | 140.03 | 169.63 | OK | |
r-release-linux-x86_64 | 1.27 | 18.58 | 139.62 | 158.20 | OK | |
r-release-macos-arm64 | 1.27 | 69.00 | OK | |||
r-release-macos-x86_64 | 1.27 | 111.00 | OK | |||
r-release-windows-x86_64 | 1.27 | 23.00 | 156.00 | 179.00 | OK | |
r-oldrel-macos-arm64 | 1.27 | 71.00 | OK | |||
r-oldrel-macos-x86_64 | 1.27 | 175.00 | OK | |||
r-oldrel-windows-x86_64 | 1.27 | 31.00 | 203.00 | 234.00 | OK |
Version: 1.27
Check: Rd cross-references
Result: NOTE
Found the following Rd file(s) with Rd \link{} targets missing package
anchors:
WordCountAna.Rd: textual, MFA
analyse_holos.Rd: MFA, FactoMineR, MCA, HMFA
Please provide package anchors for all Rd \link{} targets not in the
package itself and the base packages.
Flavors: r-devel-linux-x86_64-debian-clang, r-devel-linux-x86_64-debian-gcc, r-devel-windows-x86_64