CRAN Package Check Results for Package SEMdeep

Last updated on 2025-02-22 06:51:45 CET.

Flavor Version Tinstall Tcheck Ttotal Status Flags
r-devel-linux-x86_64-debian-clang 1.0.0 14.91 113.33 128.24 OK
r-devel-linux-x86_64-debian-gcc 1.0.0 0.23 1.42 1.65 ERROR
r-devel-linux-x86_64-fedora-clang 1.0.0 215.62 OK
r-devel-linux-x86_64-fedora-gcc 1.0.0 191.32 OK
r-devel-macos-arm64 1.0.0 58.00 OK
r-devel-macos-x86_64 1.0.0 73.00 OK
r-devel-windows-x86_64 1.0.0 15.00 136.00 151.00 OK
r-patched-linux-x86_64 1.0.0 14.08 107.62 121.70 OK
r-release-linux-x86_64 1.0.0 11.77 107.15 118.92 OK
r-release-macos-arm64 1.0.0 60.00 OK
r-release-macos-x86_64 1.0.0 101.00 OK
r-release-windows-x86_64 1.0.0 15.00 117.00 132.00 OK
r-oldrel-macos-arm64 0.1.0 56.00 OK
r-oldrel-macos-x86_64 1.0.0 111.00 OK
r-oldrel-windows-x86_64 1.0.0 20.00 150.00 170.00 OK

Check Details

Version: 1.0.0
Check: package dependencies
Result: ERROR Package required but not available: ‘SEMgraph’ See section ‘The DESCRIPTION file’ in the ‘Writing R Extensions’ manual. Flavor: r-devel-linux-x86_64-debian-gcc