Last updated on 2025-02-22 06:51:45 CET.
Flavor | Version | Tinstall | Tcheck | Ttotal | Status | Flags |
---|---|---|---|---|---|---|
r-devel-linux-x86_64-debian-clang | 0.1.1 | 16.68 | 63.09 | 79.77 | OK | |
r-devel-linux-x86_64-debian-gcc | 0.1.1 | 11.44 | 46.20 | 57.64 | OK | |
r-devel-linux-x86_64-fedora-clang | 0.1.1 | 139.09 | OK | |||
r-devel-linux-x86_64-fedora-gcc | 0.1.1 | 122.18 | OK | |||
r-devel-macos-arm64 | 0.1.1 | 39.00 | OK | |||
r-devel-macos-x86_64 | 0.1.1 | 79.00 | OK | |||
r-devel-windows-x86_64 | 0.1.1 | 18.00 | 87.00 | 105.00 | OK | |
r-patched-linux-x86_64 | 0.1.1 | 13.36 | 57.11 | 70.47 | NOTE | |
r-release-linux-x86_64 | 0.1.1 | 14.67 | 57.43 | 72.10 | NOTE | |
r-release-macos-arm64 | 0.1.1 | 37.00 | NOTE | |||
r-release-macos-x86_64 | 0.1.1 | 56.00 | NOTE | |||
r-release-windows-x86_64 | 0.1.1 | 18.00 | 83.00 | 101.00 | NOTE | |
r-oldrel-macos-arm64 | 0.1.1 | 40.00 | NOTE | |||
r-oldrel-macos-x86_64 | 0.1.1 | 66.00 | NOTE | |||
r-oldrel-windows-x86_64 | 0.1.1 | 18.00 | 109.00 | 127.00 | NOTE |
Version: 0.1.1
Check: LazyData
Result: NOTE
'LazyData' is specified without a 'data' directory
Flavors: r-patched-linux-x86_64, r-release-linux-x86_64, r-release-macos-arm64, r-release-macos-x86_64, r-release-windows-x86_64, r-oldrel-macos-arm64, r-oldrel-macos-x86_64, r-oldrel-windows-x86_64