Last updated on 2025-02-22 06:51:43 CET.
Flavor | Version | Tinstall | Tcheck | Ttotal | Status | Flags |
---|---|---|---|---|---|---|
r-devel-linux-x86_64-debian-clang | 0.2-2 | 18.20 | 140.57 | 158.77 | NOTE | |
r-devel-linux-x86_64-debian-gcc | 0.2-2 | 13.83 | 102.71 | 116.54 | NOTE | |
r-devel-linux-x86_64-fedora-clang | 0.2-2 | 281.16 | OK | |||
r-devel-linux-x86_64-fedora-gcc | 0.2-2 | 265.17 | OK | |||
r-devel-macos-arm64 | 0.2-2 | 105.00 | OK | |||
r-devel-macos-x86_64 | 0.2-2 | 160.00 | OK | |||
r-devel-windows-x86_64 | 0.2-2 | 23.00 | 193.00 | 216.00 | NOTE | |
r-patched-linux-x86_64 | 0.2-2 | 24.69 | 130.45 | 155.14 | OK | |
r-release-linux-x86_64 | 0.2-2 | 18.04 | 131.57 | 149.61 | OK | |
r-release-macos-arm64 | 0.2-2 | 88.00 | OK | |||
r-release-macos-x86_64 | 0.2-2 | 116.00 | OK | |||
r-release-windows-x86_64 | 0.2-2 | 22.00 | 184.00 | 206.00 | OK | |
r-oldrel-macos-arm64 | 0.2-2 | 73.00 | OK | |||
r-oldrel-macos-x86_64 | 0.2-2 | 252.00 | OK | |||
r-oldrel-windows-x86_64 | 0.2-2 | 25.00 | 163.00 | 188.00 | OK |
Version: 0.2-2
Check: Rd cross-references
Result: NOTE
Found the following Rd file(s) with Rd \link{} targets missing package
anchors:
RcmdrPlugin.BWS1-package.Rd: crossdes, support.BWS, support.CEs,
Rcmdr
Please provide package anchors for all Rd \link{} targets not in the
package itself and the base packages.
Flavors: r-devel-linux-x86_64-debian-clang, r-devel-linux-x86_64-debian-gcc, r-devel-windows-x86_64