Last updated on 2025-02-22 06:51:44 CET.
Flavor | Version | Tinstall | Tcheck | Ttotal | Status | Flags |
---|---|---|---|---|---|---|
r-devel-linux-x86_64-debian-clang | 0.7-10 | 3.66 | 17.71 | 21.37 | OK | |
r-devel-linux-x86_64-debian-gcc | 0.7-10 | 3.04 | 14.28 | 17.32 | OK | |
r-devel-linux-x86_64-fedora-clang | 0.7-10 | 35.77 | OK | |||
r-devel-linux-x86_64-fedora-gcc | 0.7-10 | 33.48 | OK | |||
r-devel-macos-arm64 | 0.7-10 | 16.00 | OK | |||
r-devel-macos-x86_64 | 0.7-10 | 26.00 | OK | |||
r-devel-windows-x86_64 | 0.7-10 | 11.00 | 87.00 | 98.00 | OK | |
r-patched-linux-x86_64 | 0.7-10 | 3.98 | 16.98 | 20.96 | OK | |
r-release-linux-x86_64 | 0.7-10 | 3.73 | 16.84 | 20.57 | OK | |
r-release-macos-arm64 | 0.7-10 | 16.00 | OK | |||
r-release-macos-x86_64 | 0.7-10 | 32.00 | OK | |||
r-release-windows-x86_64 | 0.7-10 | 11.00 | 89.00 | 100.00 | NOTE | |
r-oldrel-macos-arm64 | 0.7-10 | 21.00 | OK | |||
r-oldrel-macos-x86_64 | 0.7-10 | 40.00 | OK | |||
r-oldrel-windows-x86_64 | 0.7-10 | 16.00 | 97.00 | 113.00 | OK |
Version: 0.7-10
Check: installed package size
Result: NOTE
installed size is 5.2Mb
sub-directories of 1Mb or more:
libs 5.1Mb
Flavor: r-release-windows-x86_64