CRAN Package Check Results for Package ROlogit

Last updated on 2025-02-22 06:51:44 CET.

Flavor Version Tinstall Tcheck Ttotal Status Flags
r-devel-linux-x86_64-debian-clang 0.1.2 5.64 50.18 55.82 NOTE
r-devel-linux-x86_64-debian-gcc 0.1.2 4.76 38.49 43.25 NOTE
r-devel-linux-x86_64-fedora-clang 0.1.2 92.24 OK
r-devel-linux-x86_64-fedora-gcc 0.1.2 84.63 OK
r-devel-macos-arm64 0.1.2 29.00 OK
r-devel-macos-x86_64 0.1.2 55.00 OK
r-devel-windows-x86_64 0.1.2 7.00 63.00 70.00 NOTE
r-patched-linux-x86_64 0.1.2 6.00 48.46 54.46 OK
r-release-linux-x86_64 0.1.2 5.72 48.01 53.73 OK
r-release-macos-arm64 0.1.2 28.00 OK
r-release-macos-x86_64 0.1.2 40.00 OK
r-release-windows-x86_64 0.1.2 8.00 64.00 72.00 OK
r-oldrel-macos-arm64 0.1.2 30.00 OK
r-oldrel-macos-x86_64 0.1.2 48.00 OK
r-oldrel-windows-x86_64 0.1.2 6.00 69.00 75.00 OK

Check Details

Version: 0.1.2
Check: Rd cross-references
Result: NOTE Found the following Rd file(s) with Rd \link{} targets missing package anchors: rologit.Rd: coxph Please provide package anchors for all Rd \link{} targets not in the package itself and the base packages. Flavors: r-devel-linux-x86_64-debian-clang, r-devel-linux-x86_64-debian-gcc, r-devel-windows-x86_64