Last updated on 2025-02-22 06:51:44 CET.
Flavor | Version | Tinstall | Tcheck | Ttotal | Status | Flags |
---|---|---|---|---|---|---|
r-devel-linux-x86_64-debian-clang | 0.2.1 | 0.64 | 1.90 | 2.54 | ERROR | |
r-devel-linux-x86_64-debian-gcc | 0.2.1 | 22.37 | 278.44 | 300.81 | OK | |
r-devel-linux-x86_64-fedora-clang | 0.2.1 | 732.13 | OK | |||
r-devel-linux-x86_64-fedora-gcc | 0.2.1 | 725.56 | OK | |||
r-devel-macos-arm64 | 0.2.1 | 187.00 | OK | |||
r-devel-macos-x86_64 | 0.2.1 | 404.00 | OK | |||
r-devel-windows-x86_64 | 0.2.1 | 34.00 | 361.00 | 395.00 | OK | |
r-patched-linux-x86_64 | 0.2.1 | 30.58 | 364.58 | 395.16 | OK | |
r-release-linux-x86_64 | 0.2.1 | 29.49 | 355.13 | 384.62 | OK | |
r-release-macos-arm64 | 0.2.1 | 162.00 | OK | |||
r-release-macos-x86_64 | 0.2.1 | 524.00 | NOTE | |||
r-release-windows-x86_64 | 0.2.1 | 35.00 | 351.00 | 386.00 | OK | |
r-oldrel-macos-arm64 | 0.2.1 | 209.00 | NOTE | |||
r-oldrel-macos-x86_64 | 0.2.1 | 448.00 | NOTE | |||
r-oldrel-windows-x86_64 | 0.2.1 | 48.00 | 473.00 | 521.00 | OK |
Version: 0.2.1
Check: package dependencies
Result: ERROR
Package required but not available: ‘ensembldb’
Package suggested but not available for checking: ‘recount3’
See section ‘The DESCRIPTION file’ in the ‘Writing R Extensions’
manual.
Flavor: r-devel-linux-x86_64-debian-clang
Version: 0.2.1
Check: installed package size
Result: NOTE
installed size is 5.5Mb
sub-directories of 1Mb or more:
data 3.0Mb
doc 2.3Mb
Flavors: r-release-macos-x86_64, r-oldrel-macos-x86_64
Version: 0.2.1
Check: package dependencies
Result: NOTE
Package suggested but not available for checking: ‘recount3’
Flavors: r-oldrel-macos-arm64, r-oldrel-macos-x86_64