Last updated on 2025-02-22 06:51:43 CET.
Flavor | Version | Tinstall | Tcheck | Ttotal | Status | Flags |
---|---|---|---|---|---|---|
r-devel-linux-x86_64-debian-clang | 0.3.2 | 8.78 | 126.75 | 135.53 | NOTE | |
r-devel-linux-x86_64-debian-gcc | 0.3.2 | 5.06 | 78.66 | 83.72 | NOTE | |
r-devel-linux-x86_64-fedora-clang | 0.3.2 | 236.23 | NOTE | |||
r-devel-linux-x86_64-fedora-gcc | 0.3.2 | 220.08 | NOTE | |||
r-devel-macos-arm64 | 0.3.2 | 70.00 | OK | |||
r-devel-macos-x86_64 | 0.3.2 | 134.00 | NOTE | |||
r-devel-windows-x86_64 | 0.3.2 | 11.00 | 132.00 | 143.00 | NOTE | |
r-patched-linux-x86_64 | 0.3.2 | 7.21 | 115.75 | 122.96 | OK | |
r-release-linux-x86_64 | 0.3.2 | 8.13 | 114.56 | 122.69 | OK | |
r-release-macos-arm64 | 0.3.2 | 66.00 | OK | |||
r-release-macos-x86_64 | 0.3.2 | 126.00 | OK | |||
r-release-windows-x86_64 | 0.3.2 | 12.00 | 133.00 | 145.00 | OK | |
r-oldrel-macos-arm64 | 0.3.2 | 69.00 | OK | |||
r-oldrel-macos-x86_64 | 0.3.2 | 129.00 | OK | |||
r-oldrel-windows-x86_64 | 0.3.2 | 14.00 | 173.00 | 187.00 | OK |
Version: 0.3.2
Check: DESCRIPTION meta-information
Result: NOTE
Missing dependency on R >= 4.1.0 because package code uses the pipe
|> or function shorthand \(...) syntax added in R 4.1.0.
File(s) using such syntax:
‘to_df.R’
Flavors: r-devel-linux-x86_64-debian-clang, r-devel-linux-x86_64-debian-gcc, r-devel-linux-x86_64-fedora-clang, r-devel-linux-x86_64-fedora-gcc, r-devel-macos-x86_64, r-devel-windows-x86_64