Last updated on 2025-02-22 06:51:42 CET.
Flavor | Version | Tinstall | Tcheck | Ttotal | Status | Flags |
---|---|---|---|---|---|---|
r-devel-linux-x86_64-debian-clang | 0.5.0 | 8.83 | 35.26 | 44.09 | NOTE | |
r-devel-linux-x86_64-debian-gcc | 0.5.0 | 5.89 | 27.42 | 33.31 | NOTE | |
r-devel-linux-x86_64-fedora-clang | 0.5.0 | 74.80 | NOTE | |||
r-devel-linux-x86_64-fedora-gcc | 0.5.0 | 81.31 | NOTE | |||
r-devel-macos-arm64 | 0.5.0 | 44.00 | OK | |||
r-devel-macos-x86_64 | 0.5.0 | 68.00 | OK | |||
r-devel-windows-x86_64 | 0.5.0 | 21.00 | 190.00 | 211.00 | OK | |
r-patched-linux-x86_64 | 0.5.0 | 5.49 | 33.72 | 39.21 | OK | |
r-release-linux-x86_64 | 0.5.0 | 6.40 | 33.10 | 39.50 | OK | |
r-release-macos-arm64 | 0.5.0 | 58.00 | NOTE | |||
r-release-macos-x86_64 | 0.5.0 | 100.00 | NOTE | |||
r-release-windows-x86_64 | 0.5.0 | 21.00 | 184.00 | 205.00 | NOTE | |
r-oldrel-macos-arm64 | 0.5.0 | 44.00 | NOTE | |||
r-oldrel-macos-x86_64 | 0.5.0 | 78.00 | NOTE | |||
r-oldrel-windows-x86_64 | 0.5.0 | 22.00 | 211.00 | 233.00 | NOTE |
Version: 0.5.0
Check: top-level files
Result: NOTE
possible bashism in configure.ac line 69 (test -a/-o):
if test x$use6 = xyes -a x${proj6api} = xno; then
Flavors: r-devel-linux-x86_64-debian-clang, r-devel-linux-x86_64-debian-gcc, r-devel-linux-x86_64-fedora-clang, r-devel-linux-x86_64-fedora-gcc
Version: 0.5.0
Check: installed package size
Result: NOTE
installed size is 17.8Mb
sub-directories of 1Mb or more:
libs 17.5Mb
Flavors: r-release-macos-arm64, r-release-macos-x86_64, r-release-windows-x86_64, r-oldrel-macos-arm64, r-oldrel-macos-x86_64, r-oldrel-windows-x86_64