Last updated on 2024-07-27 05:49:46 CEST.
Flavor | Version | Tinstall | Tcheck | Ttotal | Status | Flags |
---|---|---|---|---|---|---|
r-devel-linux-x86_64-debian-clang | 1.9.10 | 27.94 | 180.74 | 208.68 | OK | |
r-devel-linux-x86_64-debian-gcc | 1.9.10 | NOTE | ||||
r-devel-linux-x86_64-fedora-clang | 1.9.10 | 266.20 | OK | |||
r-devel-linux-x86_64-fedora-gcc | 1.9.10 | 264.33 | OK | |||
r-devel-windows-x86_64 | 1.9.10 | 26.00 | 164.00 | 190.00 | NOTE | |
r-patched-linux-x86_64 | 1.9.10 | OK | ||||
r-release-linux-x86_64 | 1.9.10 | 22.87 | 171.20 | 194.07 | OK | |
r-release-macos-arm64 | 1.9.10 | 68.00 | OK | |||
r-release-macos-x86_64 | 1.9.10 | 99.00 | OK | |||
r-release-windows-x86_64 | 1.9.10 | 25.00 | 164.00 | 189.00 | OK | |
r-oldrel-macos-arm64 | 1.9.10 | 73.00 | OK | |||
r-oldrel-macos-x86_64 | 1.9.10 | 148.00 | OK | |||
r-oldrel-windows-x86_64 | 1.9.10 | 32.00 | 200.00 | 232.00 | OK |
Version: 1.9.10
Check: Rd cross-references
Result: NOTE
Found the following Rd file(s) with Rd \link{} targets missing package
anchors:
kwManyOneConoverTest.Rd: pmvt
kwManyOneDunnTest.Rd: pmvnorm
kwManyOneNdwTest.Rd: pmvt
manyOneUTest.Rd: pmvnorm
Please provide package anchors for all Rd \link{} targets not in the
package itself and the base packages.
Flavors: r-devel-linux-x86_64-debian-gcc, r-devel-windows-x86_64