Last updated on 2025-02-22 06:51:39 CET.
Flavor | Version | Tinstall | Tcheck | Ttotal | Status | Flags |
---|---|---|---|---|---|---|
r-devel-linux-x86_64-debian-clang | 1.1.2 | 13.36 | 159.99 | 173.35 | NOTE | |
r-devel-linux-x86_64-debian-gcc | 1.1.2 | 8.69 | 106.73 | 115.42 | NOTE | |
r-devel-linux-x86_64-fedora-clang | 1.1.2 | 277.66 | NOTE | |||
r-devel-linux-x86_64-fedora-gcc | 1.1.2 | 298.00 | NOTE | |||
r-devel-macos-arm64 | 1.1.2 | 88.00 | NOTE | |||
r-devel-macos-x86_64 | 1.1.2 | 159.00 | NOTE | |||
r-devel-windows-x86_64 | 1.1.2 | 14.00 | 175.00 | 189.00 | NOTE | |
r-patched-linux-x86_64 | 1.1.2 | 15.70 | 149.31 | 165.01 | NOTE | |
r-release-linux-x86_64 | 1.1.2 | 11.50 | 149.33 | 160.83 | NOTE | |
r-release-macos-arm64 | 1.1.2 | 83.00 | NOTE | |||
r-release-macos-x86_64 | 1.1.2 | 127.00 | NOTE | |||
r-release-windows-x86_64 | 1.1.2 | 12.00 | 172.00 | 184.00 | NOTE | |
r-oldrel-macos-arm64 | 1.1.2 | 82.00 | OK | |||
r-oldrel-macos-x86_64 | 1.1.2 | 144.00 | OK | |||
r-oldrel-windows-x86_64 | 1.1.2 | 18.00 | 230.00 | 248.00 | OK |
Version: 1.1.2
Check: Rd files
Result: NOTE
checkRd: (-1) plot.ODEmorris.Rd:62-63: Lost braces in \itemize; meant \describe ?
checkRd: (-1) plot.ODEmorris.Rd:64-65: Lost braces in \itemize; meant \describe ?
Flavors: r-devel-linux-x86_64-debian-clang, r-devel-linux-x86_64-debian-gcc, r-devel-linux-x86_64-fedora-clang, r-devel-linux-x86_64-fedora-gcc, r-devel-macos-arm64, r-devel-macos-x86_64, r-devel-windows-x86_64, r-patched-linux-x86_64, r-release-linux-x86_64, r-release-macos-arm64, r-release-macos-x86_64, r-release-windows-x86_64
Version: 1.1.2
Check: Rd cross-references
Result: NOTE
Found the following Rd file(s) with Rd \link{} targets missing package
anchors:
ODEsensitivity.Rd: sensitivity
Please provide package anchors for all Rd \link{} targets not in the
package itself and the base packages.
Flavors: r-devel-linux-x86_64-debian-clang, r-devel-linux-x86_64-debian-gcc, r-devel-windows-x86_64