Last updated on 2025-02-22 06:51:37 CET.
Flavor | Version | Tinstall | Tcheck | Ttotal | Status | Flags |
---|---|---|---|---|---|---|
r-devel-linux-x86_64-debian-clang | 2.0.0 | 38.24 | 333.82 | 372.06 | NOTE | |
r-devel-linux-x86_64-debian-gcc | 2.0.0 | 22.99 | 209.88 | 232.87 | NOTE | |
r-devel-linux-x86_64-fedora-clang | 2.0.0 | 597.70 | NOTE | |||
r-devel-linux-x86_64-fedora-gcc | 2.0.0 | 601.18 | NOTE | |||
r-devel-macos-arm64 | 2.0.0 | 138.00 | NOTE | |||
r-devel-macos-x86_64 | 2.0.0 | 312.00 | NOTE | |||
r-devel-windows-x86_64 | 2.0.0 | 30.00 | 303.00 | 333.00 | NOTE | |
r-patched-linux-x86_64 | 2.0.0 | 34.40 | 308.40 | 342.80 | NOTE | |
r-release-linux-x86_64 | 2.0.0 | 28.13 | 310.45 | 338.58 | NOTE | |
r-release-macos-arm64 | 2.0.0 | 131.00 | NOTE | |||
r-release-macos-x86_64 | 2.0.0 | 218.00 | NOTE | |||
r-release-windows-x86_64 | 2.0.0 | 31.00 | 302.00 | 333.00 | NOTE | |
r-oldrel-macos-arm64 | 2.0.0 | 157.00 | NOTE | |||
r-oldrel-macos-x86_64 | 2.0.0 | 293.00 | NOTE | |||
r-oldrel-windows-x86_64 | 2.0.0 | 43.00 | 397.00 | 440.00 | NOTE |
Version: 2.0.0
Check: Rd files
Result: NOTE
checkRd: (-1) rland.graph.Rd:27: Lost braces in \itemize; \value handles \item{}{} directly
checkRd: (-1) rland.graph.Rd:28: Lost braces in \itemize; \value handles \item{}{} directly
checkRd: (-1) rland.graph.Rd:29: Lost braces in \itemize; \value handles \item{}{} directly
checkRd: (-1) rland.graph.Rd:30: Lost braces in \itemize; \value handles \item{}{} directly
checkRd: (-1) rland.graph.Rd:31: Lost braces in \itemize; \value handles \item{}{} directly
checkRd: (-1) rland.graph.Rd:32: Lost braces in \itemize; \value handles \item{}{} directly
checkRd: (-1) rland.graph.Rd:33-34: Lost braces in \itemize; \value handles \item{}{} directly
Flavors: r-devel-linux-x86_64-debian-clang, r-devel-linux-x86_64-debian-gcc, r-devel-linux-x86_64-fedora-clang, r-devel-linux-x86_64-fedora-gcc, r-devel-macos-arm64, r-devel-macos-x86_64, r-devel-windows-x86_64, r-patched-linux-x86_64, r-release-linux-x86_64, r-release-macos-arm64, r-release-macos-x86_64, r-release-windows-x86_64
Version: 2.0.0
Check: installed package size
Result: NOTE
installed size is 14.4Mb
sub-directories of 1Mb or more:
data 3.0Mb
examples 10.3Mb
Flavors: r-release-macos-arm64, r-release-macos-x86_64, r-release-windows-x86_64, r-oldrel-macos-arm64, r-oldrel-macos-x86_64, r-oldrel-windows-x86_64