CRAN Package Check Results for Package MPDiR

Last updated on 2025-02-22 06:51:38 CET.

Flavor Version Tinstall Tcheck Ttotal Status Flags
r-devel-linux-x86_64-debian-clang 0.2 1.74 21.74 23.48 NOTE
r-devel-linux-x86_64-debian-gcc 0.2 1.60 16.86 18.46 NOTE
r-devel-linux-x86_64-fedora-clang 0.2 40.28 NOTE
r-devel-linux-x86_64-fedora-gcc 0.2 36.08 NOTE
r-devel-macos-arm64 0.2 15.00 NOTE
r-devel-macos-x86_64 0.2 26.00 NOTE
r-devel-windows-x86_64 0.2 3.00 47.00 50.00 NOTE
r-patched-linux-x86_64 0.2 2.09 20.42 22.51 NOTE
r-release-linux-x86_64 0.2 1.79 20.76 22.55 NOTE
r-release-macos-arm64 0.2 16.00 NOTE
r-release-macos-x86_64 0.2 24.00 NOTE
r-release-windows-x86_64 0.2 3.00 46.00 49.00 NOTE
r-oldrel-macos-arm64 0.2 18.00 OK
r-oldrel-macos-x86_64 0.2 33.00 OK
r-oldrel-windows-x86_64 0.2 4.00 50.00 54.00 OK

Check Details

Version: 0.2
Check: Rd files
Result: NOTE checkRd: (-1) thresh.est.Rd:16: Lost braces 16 | Calculates the stimulus level(s) for a probit model of a psychometric function for given levels of performance. For a more general version, see \link[MASS]{dose.p} in pkg{MASS}. | ^ Flavors: r-devel-linux-x86_64-debian-clang, r-devel-linux-x86_64-debian-gcc, r-devel-linux-x86_64-fedora-clang, r-devel-linux-x86_64-fedora-gcc, r-devel-macos-arm64, r-devel-macos-x86_64, r-devel-windows-x86_64, r-patched-linux-x86_64, r-release-linux-x86_64, r-release-macos-arm64, r-release-macos-x86_64, r-release-windows-x86_64

Version: 0.2
Check: Rd cross-references
Result: NOTE Found the following Rd file(s) with Rd \link{} targets missing package anchors: panel.psyfun.Rd: lattice Please provide package anchors for all Rd \link{} targets not in the package itself and the base packages. Flavors: r-devel-linux-x86_64-debian-clang, r-devel-linux-x86_64-debian-gcc, r-devel-windows-x86_64