Last updated on 2025-02-22 06:51:38 CET.
Flavor | Version | Tinstall | Tcheck | Ttotal | Status | Flags |
---|---|---|---|---|---|---|
r-devel-linux-x86_64-debian-clang | 1.0.1 | 3.79 | 29.66 | 33.45 | NOTE | |
r-devel-linux-x86_64-debian-gcc | 1.0.1 | 2.33 | 21.75 | 24.08 | NOTE | |
r-devel-linux-x86_64-fedora-clang | 1.0.1 | 58.50 | NOTE | |||
r-devel-linux-x86_64-fedora-gcc | 1.0.1 | 50.52 | NOTE | |||
r-devel-macos-arm64 | 1.0.1 | 19.00 | OK | |||
r-devel-macos-x86_64 | 1.0.1 | 32.00 | NOTE | |||
r-devel-windows-x86_64 | 1.0.1 | 5.00 | 51.00 | 56.00 | NOTE | |
r-patched-linux-x86_64 | 1.0.1 | 3.59 | 27.84 | 31.43 | OK | |
r-release-linux-x86_64 | 1.0.1 | 3.63 | 28.33 | 31.96 | OK | |
r-release-macos-arm64 | 1.0.1 | 20.00 | OK | |||
r-release-macos-x86_64 | 1.0.1 | 33.00 | OK | |||
r-release-windows-x86_64 | 1.0.1 | 5.00 | 50.00 | 55.00 | OK | |
r-oldrel-macos-arm64 | 1.0.1 | 23.00 | OK | |||
r-oldrel-macos-x86_64 | 1.0.1 | 37.00 | OK | |||
r-oldrel-windows-x86_64 | 1.0.1 | 6.00 | 56.00 | 62.00 | OK |
Version: 1.0.1
Check: DESCRIPTION meta-information
Result: NOTE
Missing dependency on R >= 4.1.0 because package code uses the pipe
|> or function shorthand \(...) syntax added in R 4.1.0.
File(s) using such syntax:
‘Search.R’ ‘mood.R’
Flavors: r-devel-linux-x86_64-debian-clang, r-devel-linux-x86_64-debian-gcc, r-devel-linux-x86_64-fedora-clang, r-devel-linux-x86_64-fedora-gcc, r-devel-macos-x86_64, r-devel-windows-x86_64