Last updated on 2025-02-22 06:51:35 CET.
Flavor | Version | Tinstall | Tcheck | Ttotal | Status | Flags |
---|---|---|---|---|---|---|
r-devel-linux-x86_64-debian-clang | 1.1.1 | 15.63 | 41.73 | 57.36 | OK | |
r-devel-linux-x86_64-debian-gcc | 1.1.1 | 12.30 | 32.09 | 44.39 | OK | |
r-devel-linux-x86_64-fedora-clang | 1.1.1 | 103.90 | OK | |||
r-devel-linux-x86_64-fedora-gcc | 1.1.1 | 110.25 | OK | |||
r-devel-macos-arm64 | 1.1.1 | 37.00 | OK | |||
r-devel-macos-x86_64 | 1.1.1 | 96.00 | OK | |||
r-devel-windows-x86_64 | 1.1.1 | 21.00 | 77.00 | 98.00 | OK | |
r-patched-linux-x86_64 | 1.1.1 | 17.11 | 39.57 | 56.68 | OK | |
r-release-linux-x86_64 | 1.1.1 | 17.23 | 39.81 | 57.04 | OK | |
r-release-macos-arm64 | 1.1.1 | 37.00 | NOTE | |||
r-release-macos-x86_64 | 1.1.1 | 54.00 | NOTE | |||
r-release-windows-x86_64 | 1.1.1 | 21.00 | 77.00 | 98.00 | NOTE | |
r-oldrel-macos-arm64 | 1.1.1 | 41.00 | NOTE | |||
r-oldrel-macos-x86_64 | 1.1.1 | 60.00 | NOTE | |||
r-oldrel-windows-x86_64 | 1.1.1 | 25.00 | 90.00 | 115.00 | NOTE |
Version: 1.1.1
Check: installed package size
Result: NOTE
installed size is 5.6Mb
sub-directories of 1Mb or more:
extdata 4.5Mb
Flavors: r-release-macos-arm64, r-release-macos-x86_64, r-release-windows-x86_64, r-oldrel-macos-arm64, r-oldrel-macos-x86_64, r-oldrel-windows-x86_64