Last updated on 2025-02-22 06:51:34 CET.
Flavor | Version | Tinstall | Tcheck | Ttotal | Status | Flags |
---|---|---|---|---|---|---|
r-devel-linux-x86_64-debian-clang | 0.0.2 | 119.65 | 62.31 | 181.96 | OK | |
r-devel-linux-x86_64-debian-gcc | 0.0.2 | 95.41 | 45.33 | 140.74 | OK | |
r-devel-linux-x86_64-fedora-clang | 0.0.2 | 284.72 | OK | |||
r-devel-linux-x86_64-fedora-gcc | 0.0.2 | 379.91 | OK | |||
r-devel-macos-arm64 | 0.0.2 | 101.00 | OK | |||
r-devel-macos-x86_64 | 0.0.2 | 278.00 | OK | |||
r-devel-windows-x86_64 | 0.0.2 | 102.00 | 105.00 | 207.00 | OK | |
r-patched-linux-x86_64 | 0.0.2 | 135.17 | 58.30 | 193.47 | OK | |
r-release-linux-x86_64 | 0.0.2 | 141.63 | 58.82 | 200.45 | OK | |
r-release-macos-arm64 | 0.0.2 | 103.00 | NOTE | |||
r-release-macos-x86_64 | 0.0.2 | 208.00 | NOTE | |||
r-release-windows-x86_64 | 0.0.2 | 106.00 | 104.00 | 210.00 | NOTE | |
r-oldrel-macos-arm64 | 0.0.2 | 103.00 | NOTE | |||
r-oldrel-macos-x86_64 | 0.0.2 | 216.00 | NOTE | |||
r-oldrel-windows-x86_64 | 0.0.2 | 136.00 | 126.00 | 262.00 | NOTE |
Version: 0.0.2
Check: installed package size
Result: NOTE
installed size is 65.4Mb
sub-directories of 1Mb or more:
libs 65.0Mb
Flavors: r-release-macos-arm64, r-release-macos-x86_64, r-release-windows-x86_64, r-oldrel-macos-arm64, r-oldrel-macos-x86_64, r-oldrel-windows-x86_64