CRAN Package Check Results for Package IVYplot

Last updated on 2025-02-22 06:51:33 CET.

Flavor Version Tinstall Tcheck Ttotal Status Flags
r-devel-linux-x86_64-debian-clang 0.1.0 2.21 22.77 24.98 OK
r-devel-linux-x86_64-debian-gcc 0.1.0 1.50 18.05 19.55 OK
r-devel-linux-x86_64-fedora-clang 0.1.0 40.90 OK
r-devel-linux-x86_64-fedora-gcc 0.1.0 37.47 OK
r-devel-macos-arm64 0.1.0 15.00 OK
r-devel-macos-x86_64 0.1.0 25.00 OK
r-devel-windows-x86_64 0.1.0 3.00 59.00 62.00 OK
r-patched-linux-x86_64 0.1.0 2.07 21.76 23.83 NOTE
r-release-linux-x86_64 0.1.0 1.48 21.27 22.75 NOTE
r-release-macos-arm64 0.1.0 15.00 NOTE
r-release-macos-x86_64 0.1.0 23.00 NOTE
r-release-windows-x86_64 0.1.0 3.00 49.00 52.00 NOTE
r-oldrel-macos-arm64 0.1.0 19.00 NOTE
r-oldrel-macos-x86_64 0.1.0 22.00 NOTE
r-oldrel-windows-x86_64 0.1.0 4.00 50.00 54.00 NOTE

Check Details

Version: 0.1.0
Check: LazyData
Result: NOTE 'LazyData' is specified without a 'data' directory Flavors: r-patched-linux-x86_64, r-release-linux-x86_64, r-release-macos-arm64, r-release-macos-x86_64, r-release-windows-x86_64, r-oldrel-macos-arm64, r-oldrel-macos-x86_64, r-oldrel-windows-x86_64