Last updated on 2025-02-22 06:51:33 CET.
Flavor | Version | Tinstall | Tcheck | Ttotal | Status | Flags |
---|---|---|---|---|---|---|
r-devel-linux-x86_64-debian-clang | 0.1 | 7.15 | 57.78 | 64.93 | NOTE | |
r-devel-linux-x86_64-debian-gcc | 0.1 | 5.78 | 43.37 | 49.15 | NOTE | |
r-devel-linux-x86_64-fedora-clang | 0.1 | 106.80 | OK | |||
r-devel-linux-x86_64-fedora-gcc | 0.1 | 96.54 | OK | |||
r-devel-macos-arm64 | 0.1 | 34.00 | OK | |||
r-devel-macos-x86_64 | 0.1 | 65.00 | OK | |||
r-devel-windows-x86_64 | 0.1 | 8.00 | 74.00 | 82.00 | NOTE | |
r-patched-linux-x86_64 | 0.1 | 9.75 | 54.67 | 64.42 | NOTE | |
r-release-linux-x86_64 | 0.1 | 6.42 | 53.75 | 60.17 | NOTE | |
r-release-macos-arm64 | 0.1 | 31.00 | NOTE | |||
r-release-macos-x86_64 | 0.1 | 65.00 | NOTE | |||
r-release-windows-x86_64 | 0.1 | 7.00 | 74.00 | 81.00 | NOTE | |
r-oldrel-macos-arm64 | 0.1 | 36.00 | NOTE | |||
r-oldrel-macos-x86_64 | 0.1 | 53.00 | NOTE | |||
r-oldrel-windows-x86_64 | 0.1 | 10.00 | 87.00 | 97.00 | NOTE |
Version: 0.1
Check: Rd cross-references
Result: NOTE
Found the following Rd file(s) with Rd \link{} targets missing package
anchors:
HSDiC_ADMM.Rd: solve.QP
Please provide package anchors for all Rd \link{} targets not in the
package itself and the base packages.
Flavors: r-devel-linux-x86_64-debian-clang, r-devel-linux-x86_64-debian-gcc, r-devel-windows-x86_64
Version: 0.1
Check: LazyData
Result: NOTE
'LazyData' is specified without a 'data' directory
Flavors: r-patched-linux-x86_64, r-release-linux-x86_64, r-release-macos-arm64, r-release-macos-x86_64, r-release-windows-x86_64, r-oldrel-macos-arm64, r-oldrel-macos-x86_64, r-oldrel-windows-x86_64