Last updated on 2025-02-22 06:51:31 CET.
Flavor | Version | Tinstall | Tcheck | Ttotal | Status | Flags |
---|---|---|---|---|---|---|
r-devel-linux-x86_64-debian-clang | 0.1.1 | 61.12 | 24.19 | 85.31 | NOTE | |
r-devel-linux-x86_64-debian-gcc | 0.1.1 | 48.25 | 18.86 | 67.11 | NOTE | |
r-devel-linux-x86_64-fedora-clang | 0.1.1 | 168.95 | NOTE | |||
r-devel-linux-x86_64-fedora-gcc | 0.1.1 | 168.51 | NOTE | |||
r-devel-macos-arm64 | 0.1.1 | 38.00 | NOTE | |||
r-devel-macos-x86_64 | 0.1.1 | 50.00 | NOTE | |||
r-devel-windows-x86_64 | 0.1.1 | 70.00 | 65.00 | 135.00 | NOTE | |
r-patched-linux-x86_64 | 0.1.1 | 66.60 | 22.90 | 89.50 | NOTE | |
r-release-linux-x86_64 | 0.1.1 | 69.08 | 23.39 | 92.47 | NOTE | |
r-release-macos-arm64 | 0.1.1 | 41.00 | NOTE | |||
r-release-macos-x86_64 | 0.1.1 | 42.00 | NOTE | |||
r-release-windows-x86_64 | 0.1.1 | 70.00 | 62.00 | 132.00 | NOTE | |
r-oldrel-macos-arm64 | 0.1.1 | 50.00 | NOTE | |||
r-oldrel-macos-x86_64 | 0.1.1 | 85.00 | NOTE | |||
r-oldrel-windows-x86_64 | 0.1.1 | 84.00 | 74.00 | 158.00 | NOTE |
Version: 0.1.1
Check: C++ specification
Result: NOTE
Specified C++11: please drop specification unless essential
Flavors: r-devel-linux-x86_64-debian-clang, r-devel-linux-x86_64-debian-gcc, r-devel-linux-x86_64-fedora-clang, r-devel-linux-x86_64-fedora-gcc, r-devel-macos-arm64, r-devel-macos-x86_64, r-devel-windows-x86_64, r-patched-linux-x86_64, r-release-linux-x86_64, r-release-macos-arm64, r-release-macos-x86_64, r-release-windows-x86_64, r-oldrel-macos-arm64, r-oldrel-macos-x86_64, r-oldrel-windows-x86_64