Last updated on 2025-02-22 06:51:29 CET.
Flavor | Version | Tinstall | Tcheck | Ttotal | Status | Flags |
---|---|---|---|---|---|---|
r-devel-linux-x86_64-debian-clang | 1.5.2 | 10.91 | 219.85 | 230.76 | NOTE | |
r-devel-linux-x86_64-debian-gcc | 1.5.2 | 8.07 | 142.49 | 150.56 | NOTE | |
r-devel-linux-x86_64-fedora-clang | 1.5.2 | 388.21 | NOTE | |||
r-devel-linux-x86_64-fedora-gcc | 1.5.2 | 391.18 | NOTE | |||
r-devel-macos-arm64 | 1.5.2 | 107.00 | NOTE | |||
r-devel-macos-x86_64 | 1.5.2 | 388.00 | NOTE | |||
r-devel-windows-x86_64 | 1.5.2 | 14.00 | 344.00 | 358.00 | NOTE | |
r-patched-linux-x86_64 | 1.5.2 | 11.97 | 201.38 | 213.35 | OK | |
r-release-linux-x86_64 | 1.5.2 | 10.77 | 200.01 | 210.78 | OK | |
r-release-macos-arm64 | 1.5.2 | 105.00 | OK | |||
r-release-macos-x86_64 | 1.5.2 | 321.00 | OK | |||
r-release-windows-x86_64 | 1.5.2 | 13.00 | 341.00 | 354.00 | OK | |
r-oldrel-macos-arm64 | 1.5.2 | 170.00 | OK | |||
r-oldrel-macos-x86_64 | 1.5.2 | 353.00 | OK | |||
r-oldrel-windows-x86_64 | 1.5.2 | 17.00 | 372.00 | 389.00 | OK |
Version: 1.5.2
Check: Rd cross-references
Result: NOTE
Found the following Rd file(s) with Rd \link{} targets missing package
anchors:
epimcmc.Rd: MCMC, adaptMCMC
plot.epimcmc.Rd: mcmc, plot.mcmc
Please provide package anchors for all Rd \link{} targets not in the
package itself and the base packages.
Flavors: r-devel-linux-x86_64-debian-clang, r-devel-linux-x86_64-debian-gcc, r-devel-windows-x86_64
Version: 1.5.2
Check: tests
Result: NOTE
Running ‘EpiILM.network.R’ [5s/6s]
Comparing ‘EpiILM.network.Rout’ to ‘EpiILM.network.Rout.save’ ...9817c9817
< [ reached 'max' / getOption("max.print") -- omitted 301 rows ]
---
> [ reached getOption("max.print") -- omitted 301 rows ]
19695c19695
< [ reached 'max' / getOption("max.print") -- omitted 301 rows ]
---
> [ reached getOption("max.print") -- omitted 301 rows ]
Running ‘EpiILM.spatial.R’ [3s/5s]
Comparing ‘EpiILM.spatial.Rout’ to ‘EpiILM.spatial.Rout.save’ ... OK
Flavor: r-devel-linux-x86_64-debian-clang
Version: 1.5.2
Check: tests
Result: NOTE
Running ‘EpiILM.network.R’ [4s/4s]
Comparing ‘EpiILM.network.Rout’ to ‘EpiILM.network.Rout.save’ ...9817c9817
< [ reached 'max' / getOption("max.print") -- omitted 301 rows ]
---
> [ reached getOption("max.print") -- omitted 301 rows ]
19695c19695
< [ reached 'max' / getOption("max.print") -- omitted 301 rows ]
---
> [ reached getOption("max.print") -- omitted 301 rows ]
Running ‘EpiILM.spatial.R’ [2s/3s]
Comparing ‘EpiILM.spatial.Rout’ to ‘EpiILM.spatial.Rout.save’ ... OK
Flavor: r-devel-linux-x86_64-debian-gcc
Version: 1.5.2
Check: tests
Result: NOTE
Running ‘EpiILM.network.R’
Comparing ‘EpiILM.network.Rout’ to ‘EpiILM.network.Rout.save’ ...9817c9817
< [ reached 'max' / getOption("max.print") -- omitted 301 rows ]
---
> [ reached getOption("max.print") -- omitted 301 rows ]
19695c19695
< [ reached 'max' / getOption("max.print") -- omitted 301 rows ]
---
> [ reached getOption("max.print") -- omitted 301 rows ]
Running ‘EpiILM.spatial.R’
Comparing ‘EpiILM.spatial.Rout’ to ‘EpiILM.spatial.Rout.save’ ... OK
Flavors: r-devel-linux-x86_64-fedora-clang, r-devel-linux-x86_64-fedora-gcc
Version: 1.5.2
Check: tests
Result: NOTE
Running ‘EpiILM.network.R’ [2s/3s]
Comparing ‘EpiILM.network.Rout’ to ‘EpiILM.network.Rout.save’ ...9817c9817
< [ reached 'max' / getOption("max.print") -- omitted 301 rows ]
---
> [ reached getOption("max.print") -- omitted 301 rows ]
19695c19695
< [ reached 'max' / getOption("max.print") -- omitted 301 rows ]
---
> [ reached getOption("max.print") -- omitted 301 rows ]
Running ‘EpiILM.spatial.R’ [1s/1s]
Comparing ‘EpiILM.spatial.Rout’ to ‘EpiILM.spatial.Rout.save’ ... OK
Flavor: r-devel-macos-arm64
Version: 1.5.2
Check: tests
Result: NOTE
Running ‘EpiILM.network.R’ [4s/8s]
Comparing ‘EpiILM.network.Rout’ to ‘EpiILM.network.Rout.save’ ...9817c9817
< [ reached 'max' / getOption("max.print") -- omitted 301 rows ]
---
> [ reached getOption("max.print") -- omitted 301 rows ]
19695c19695
< [ reached 'max' / getOption("max.print") -- omitted 301 rows ]
---
> [ reached getOption("max.print") -- omitted 301 rows ]
Running ‘EpiILM.spatial.R’ [2s/5s]
Comparing ‘EpiILM.spatial.Rout’ to ‘EpiILM.spatial.Rout.save’ ... OK
Flavor: r-devel-macos-x86_64
Version: 1.5.2
Check: tests
Result: NOTE
Running 'EpiILM.network.R' [5s]
Comparing 'EpiILM.network.Rout' to 'EpiILM.network.Rout.save' ...9817c9817
< [ reached 'max' / getOption("max.print") -- omitted 301 rows ]
---
> [ reached getOption("max.print") -- omitted 301 rows ]
19695c19695
< [ reached 'max' / getOption("max.print") -- omitted 301 rows ]
---
> [ reached getOption("max.print") -- omitted 301 rows ]
Running 'EpiILM.spatial.R' [4s]
Comparing 'EpiILM.spatial.Rout' to 'EpiILM.spatial.Rout.save' ... OK
Flavor: r-devel-windows-x86_64