Last updated on 2025-02-22 06:51:29 CET.
Flavor | Version | Tinstall | Tcheck | Ttotal | Status | Flags |
---|---|---|---|---|---|---|
r-devel-linux-x86_64-debian-clang | 1.1.2 | 3.55 | 34.33 | 37.88 | OK | |
r-devel-linux-x86_64-debian-gcc | 1.1.2 | 2.43 | 24.16 | 26.59 | OK | |
r-devel-linux-x86_64-fedora-clang | 1.1.2 | 60.85 | NOTE | |||
r-devel-linux-x86_64-fedora-gcc | 1.1.2 | 57.60 | NOTE | |||
r-devel-macos-arm64 | 1.1.2 | 21.00 | OK | |||
r-devel-macos-x86_64 | 1.1.2 | 39.00 | OK | |||
r-devel-windows-x86_64 | 1.1.2 | 6.00 | 54.00 | 60.00 | OK | |
r-patched-linux-x86_64 | 1.1.2 | 3.72 | 32.02 | 35.74 | OK | |
r-release-linux-x86_64 | 1.1.2 | 3.05 | 32.57 | 35.62 | OK | |
r-release-macos-arm64 | 1.1.2 | 22.00 | OK | |||
r-release-macos-x86_64 | 1.1.2 | 30.00 | OK | |||
r-release-windows-x86_64 | 1.1.2 | 5.00 | 53.00 | 58.00 | OK | |
r-oldrel-macos-arm64 | 1.1.2 | 21.00 | OK | |||
r-oldrel-macos-x86_64 | 1.1.2 | 31.00 | OK | |||
r-oldrel-windows-x86_64 | 1.1.2 | 6.00 | 61.00 | 67.00 | OK |
Version: 1.1.2
Check: dependencies in R code
Result: NOTE
Namespace in Imports field not imported from: ‘PCovR’
All declared Imports should be used.
Flavors: r-devel-linux-x86_64-fedora-clang, r-devel-linux-x86_64-fedora-gcc