Last updated on 2025-02-22 06:51:29 CET.
Flavor | Version | Tinstall | Tcheck | Ttotal | Status | Flags |
---|---|---|---|---|---|---|
r-devel-linux-x86_64-debian-clang | 0.2.5 | 15.90 | 117.42 | 133.32 | OK | |
r-devel-linux-x86_64-debian-gcc | 0.2.5 | 12.30 | 83.50 | 95.80 | OK | |
r-devel-linux-x86_64-fedora-clang | 0.2.5 | 207.31 | OK | |||
r-devel-linux-x86_64-fedora-gcc | 0.2.5 | 193.13 | OK | |||
r-devel-macos-arm64 | 0.2.5 | 4.00 | ERROR | |||
r-devel-macos-x86_64 | 0.2.5 | 7.00 | ERROR | |||
r-devel-windows-x86_64 | 0.2.5 | 15.00 | 113.00 | 128.00 | OK | |
r-patched-linux-x86_64 | 0.2.5 | 15.50 | 108.15 | 123.65 | OK | |
r-release-linux-x86_64 | 0.2.5 | 14.74 | 106.66 | 121.40 | OK | |
r-release-macos-arm64 | 0.2.5 | 10.00 | ERROR | |||
r-release-macos-x86_64 | 0.2.5 | 11.00 | ERROR | |||
r-release-windows-x86_64 | 0.2.5 | 16.00 | 112.00 | 128.00 | OK | |
r-oldrel-macos-arm64 | 0.2.5 | 10.00 | ERROR | |||
r-oldrel-macos-x86_64 | 0.2.5 | 11.00 | ERROR | |||
r-oldrel-windows-x86_64 | 0.2.5 | 22.00 | 143.00 | 165.00 | OK |
Version: 0.2.5
Check: package dependencies
Result: ERROR
Package required but not available: ‘opGMMassessment’
See section ‘The DESCRIPTION file’ in the ‘Writing R Extensions’
manual.
Flavors: r-devel-macos-arm64, r-devel-macos-x86_64, r-release-macos-arm64, r-release-macos-x86_64, r-oldrel-macos-arm64, r-oldrel-macos-x86_64