CRAN Package Check Results for Package DynaRankR

Last updated on 2025-02-22 06:51:29 CET.

Flavor Version Tinstall Tcheck Ttotal Status Flags
r-devel-linux-x86_64-debian-clang 1.1.0 5.66 46.08 51.74 NOTE
r-devel-linux-x86_64-debian-gcc 1.1.0 3.81 32.05 35.86 NOTE
r-devel-linux-x86_64-fedora-clang 1.1.0 81.56 NOTE
r-devel-linux-x86_64-fedora-gcc 1.1.0 75.70 NOTE
r-devel-macos-arm64 1.1.0 30.00 NOTE
r-devel-macos-x86_64 1.1.0 49.00 NOTE
r-devel-windows-x86_64 1.1.0 6.00 62.00 68.00 NOTE
r-patched-linux-x86_64 1.1.0 4.81 41.80 46.61 NOTE
r-release-linux-x86_64 1.1.0 5.03 41.44 46.47 NOTE
r-release-macos-arm64 1.1.0 25.00 NOTE
r-release-macos-x86_64 1.1.0 37.00 NOTE
r-release-windows-x86_64 1.1.0 7.00 60.00 67.00 NOTE
r-oldrel-macos-arm64 1.1.0 27.00 NOTE
r-oldrel-macos-x86_64 1.1.0 40.00 NOTE
r-oldrel-windows-x86_64 1.1.0 7.00 70.00 77.00 NOTE

Check Details

Version: 1.1.0
Check: package subdirectories
Result: NOTE Problems with news in ‘NEWS.md’: No news entries found. Flavors: r-devel-linux-x86_64-debian-clang, r-devel-linux-x86_64-debian-gcc, r-devel-linux-x86_64-fedora-clang, r-devel-linux-x86_64-fedora-gcc, r-devel-macos-arm64, r-devel-macos-x86_64, r-devel-windows-x86_64, r-patched-linux-x86_64, r-release-linux-x86_64, r-release-macos-arm64, r-release-macos-x86_64, r-release-windows-x86_64, r-oldrel-macos-arm64, r-oldrel-macos-x86_64, r-oldrel-windows-x86_64

Version: 1.1.0
Check: Rd files
Result: NOTE checkRd: (-1) dyadic_similarity.Rd:27: Lost braces; missing escapes or markup? 27 | For example, the order {a, b, c} implies that a > b, a > c, and b > c. | ^ Flavors: r-devel-linux-x86_64-debian-clang, r-devel-linux-x86_64-debian-gcc, r-devel-linux-x86_64-fedora-clang, r-devel-linux-x86_64-fedora-gcc, r-devel-macos-arm64, r-devel-macos-x86_64, r-devel-windows-x86_64, r-patched-linux-x86_64, r-release-linux-x86_64, r-release-macos-arm64, r-release-macos-x86_64, r-release-windows-x86_64