Last updated on 2025-02-22 06:51:28 CET.
Flavor | Version | Tinstall | Tcheck | Ttotal | Status | Flags |
---|---|---|---|---|---|---|
r-devel-linux-x86_64-debian-clang | 0.1.0 | 42.54 | 344.87 | 387.41 | OK | |
r-devel-linux-x86_64-debian-gcc | 0.1.0 | 31.64 | 247.57 | 279.21 | OK | |
r-devel-linux-x86_64-fedora-clang | 0.1.0 | 657.73 | OK | |||
r-devel-linux-x86_64-fedora-gcc | 0.1.0 | 630.57 | OK | |||
r-devel-macos-arm64 | 0.1.0 | 156.00 | OK | |||
r-devel-macos-x86_64 | 0.1.0 | 322.00 | OK | |||
r-devel-windows-x86_64 | 0.1.0 | 45.00 | 285.00 | 330.00 | OK | |
r-patched-linux-x86_64 | 0.1.0 | 40.89 | 316.26 | 357.15 | OK | |
r-release-linux-x86_64 | 0.1.0 | 40.26 | 317.56 | 357.82 | OK | |
r-release-macos-arm64 | 0.1.0 | 152.00 | OK | |||
r-release-macos-x86_64 | 0.1.0 | 228.00 | OK | |||
r-release-windows-x86_64 | 0.1.0 | 44.00 | 279.00 | 323.00 | OK | |
r-oldrel-macos-arm64 | 0.1.0 | 17.00 | ERROR | |||
r-oldrel-macos-x86_64 | 0.1.0 | 11.00 | ERROR | |||
r-oldrel-windows-x86_64 | 0.1.0 | 57.00 | 370.00 | 427.00 | OK |
Version: 0.1.0
Check: package dependencies
Result: ERROR
Package required but not available: ‘dada2’
See section ‘The DESCRIPTION file’ in the ‘Writing R Extensions’
manual.
Flavors: r-oldrel-macos-arm64, r-oldrel-macos-x86_64