CRAN Package Check Results for Package ConformalSmallest

Last updated on 2025-02-22 06:51:27 CET.

Flavor Version Tinstall Tcheck Ttotal Status Flags
r-devel-linux-x86_64-debian-clang 1.0 3.54 77.84 81.38 OK
r-devel-linux-x86_64-debian-gcc 1.0 2.37 51.75 54.12 OK
r-devel-linux-x86_64-fedora-clang 1.0 127.32 NOTE
r-devel-linux-x86_64-fedora-gcc 1.0 134.49 NOTE
r-devel-macos-arm64 1.0 45.00 OK
r-devel-macos-x86_64 1.0 89.00 OK
r-devel-windows-x86_64 1.0 6.00 92.00 98.00 OK
r-patched-linux-x86_64 1.0 3.79 72.44 76.23 OK
r-release-linux-x86_64 1.0 3.30 72.07 75.37 OK
r-release-macos-arm64 1.0 44.00 OK
r-release-macos-x86_64 1.0 67.00 OK
r-release-windows-x86_64 1.0 4.00 90.00 94.00 OK
r-oldrel-macos-arm64 1.0 47.00 OK
r-oldrel-macos-x86_64 1.0 68.00 OK
r-oldrel-windows-x86_64 1.0 5.00 109.00 114.00 OK

Check Details

Version: 1.0
Check: dependencies in R code
Result: NOTE Namespace in Imports field not imported from: ‘mvtnorm’ All declared Imports should be used. Flavors: r-devel-linux-x86_64-fedora-clang, r-devel-linux-x86_64-fedora-gcc