Last updated on 2025-02-22 06:51:26 CET.
Flavor | Version | Tinstall | Tcheck | Ttotal | Status | Flags |
---|---|---|---|---|---|---|
r-devel-linux-x86_64-debian-clang | 0.1.1.1 | 131.36 | 39.76 | 171.12 | OK | |
r-devel-linux-x86_64-debian-gcc | 0.1.1.1 | 92.05 | 28.21 | 120.26 | OK | |
r-devel-linux-x86_64-fedora-clang | 0.1.1.1 | 318.67 | OK | |||
r-devel-linux-x86_64-fedora-gcc | 0.1.1.1 | 324.79 | OK | |||
r-devel-macos-arm64 | 0.1.1.1 | 60.00 | OK | |||
r-devel-macos-x86_64 | 0.1.1.1 | 74.00 | OK | |||
r-devel-windows-x86_64 | 0.1.1.1 | 126.00 | 74.00 | 200.00 | OK | |
r-patched-linux-x86_64 | 0.1.1.1 | 127.94 | 36.15 | 164.09 | OK | |
r-release-linux-x86_64 | 0.1.1.1 | 123.17 | 36.75 | 159.92 | OK | |
r-release-macos-arm64 | 0.1.1.1 | 76.00 | NOTE | |||
r-release-macos-x86_64 | 0.1.1.1 | 78.00 | NOTE | |||
r-release-windows-x86_64 | 0.1.1.1 | 125.00 | 85.00 | 210.00 | OK | |
r-oldrel-macos-arm64 | 0.1.0 | 66.00 | NOTE | |||
r-oldrel-macos-x86_64 | 0.1.1.1 | 100.00 | NOTE | |||
r-oldrel-windows-x86_64 | 0.1.1.1 | 155.00 | 92.00 | 247.00 | OK |
Version: 0.1.1.1
Check: installed package size
Result: NOTE
installed size is 7.5Mb
sub-directories of 1Mb or more:
libs 7.4Mb
Flavors: r-release-macos-arm64, r-release-macos-x86_64, r-oldrel-macos-x86_64
Version: 0.1.0
Check: installed package size
Result: NOTE
installed size is 7.5Mb
sub-directories of 1Mb or more:
libs 7.4Mb
Flavor: r-oldrel-macos-arm64