Last updated on 2025-02-22 06:51:25 CET.
Flavor | Version | Tinstall | Tcheck | Ttotal | Status | Flags |
---|---|---|---|---|---|---|
r-devel-linux-x86_64-debian-clang | 1.2.3 | 259.00 | 184.31 | 443.31 | OK | |
r-devel-linux-x86_64-debian-gcc | 1.2.3 | 244.36 | 156.45 | 400.81 | OK | |
r-devel-linux-x86_64-fedora-clang | 1.2.3 | 779.06 | OK | |||
r-devel-linux-x86_64-fedora-gcc | 1.2.3 | 1018.92 | OK | |||
r-devel-macos-arm64 | 1.2.3 | 223.00 | OK | |||
r-devel-macos-x86_64 | 1.2.3 | 266.00 | OK | |||
r-devel-windows-x86_64 | 1.2.3 | 312.00 | 234.00 | 546.00 | OK | |
r-patched-linux-x86_64 | 1.2.3 | 304.43 | 211.77 | 516.20 | NOTE | |
r-release-linux-x86_64 | 1.2.3 | 281.80 | 213.69 | 495.49 | NOTE | |
r-release-macos-arm64 | 1.2.3 | 115.00 | NOTE | |||
r-release-macos-x86_64 | 1.2.3 | 145.00 | NOTE | |||
r-release-windows-x86_64 | 1.2.3 | 284.00 | 233.00 | 517.00 | NOTE | |
r-oldrel-macos-arm64 | 1.2.3 | 142.00 | NOTE | |||
r-oldrel-macos-x86_64 | 1.2.3 | 172.00 | NOTE | |||
r-oldrel-windows-x86_64 | 1.2.3 | 313.00 | 283.00 | 596.00 | NOTE |
Version: 1.2.3
Check: for GNU extensions in Makefiles
Result: NOTE
GNU make is a SystemRequirements.
Flavors: r-patched-linux-x86_64, r-release-linux-x86_64, r-release-macos-arm64, r-release-macos-x86_64, r-release-windows-x86_64, r-oldrel-macos-arm64, r-oldrel-macos-x86_64, r-oldrel-windows-x86_64
Version: 1.2.3
Check: installed package size
Result: NOTE
installed size is 87.7Mb
sub-directories of 1Mb or more:
data 1.3Mb
help 1.8Mb
libs 83.5Mb
Flavors: r-release-macos-arm64, r-release-macos-x86_64, r-release-windows-x86_64, r-oldrel-macos-arm64, r-oldrel-macos-x86_64, r-oldrel-windows-x86_64