CRAN Package Check Results for Package BayesMFSurv

Last updated on 2025-02-22 06:51:25 CET.

Flavor Version Tinstall Tcheck Ttotal Status Flags
r-devel-linux-x86_64-debian-clang 0.1.0 26.38 71.55 97.93 OK
r-devel-linux-x86_64-debian-gcc 0.1.0 19.08 51.45 70.53 OK
r-devel-linux-x86_64-fedora-clang 0.1.0 168.19 NOTE
r-devel-linux-x86_64-fedora-gcc 0.1.0 153.82 NOTE
r-devel-macos-arm64 0.1.0 46.00 OK
r-devel-macos-x86_64 0.1.0 100.00 OK
r-devel-windows-x86_64 0.1.0 27.00 112.00 139.00 OK
r-patched-linux-x86_64 0.1.0 25.33 67.97 93.30 OK
r-release-linux-x86_64 0.1.0 25.01 66.71 91.72 OK
r-release-macos-arm64 0.1.0 46.00 OK
r-release-macos-x86_64 0.1.0 88.00 OK
r-release-windows-x86_64 0.1.0 28.00 102.00 130.00 OK
r-oldrel-macos-arm64 0.1.0 51.00 OK
r-oldrel-macos-x86_64 0.1.0 85.00 OK
r-oldrel-windows-x86_64 0.1.0 35.00 126.00 161.00 OK

Check Details

Version: 0.1.0
Check: dependencies in R code
Result: NOTE Namespace in Imports field not imported from: ‘FastGP’ All declared Imports should be used. Flavors: r-devel-linux-x86_64-fedora-clang, r-devel-linux-x86_64-fedora-gcc