Last updated on 2025-02-22 06:51:25 CET.
Flavor | Version | Tinstall | Tcheck | Ttotal | Status | Flags |
---|---|---|---|---|---|---|
r-devel-linux-x86_64-debian-clang | 1.1.3 | 10.44 | 70.06 | 80.50 | NOTE | |
r-devel-linux-x86_64-debian-gcc | 1.1.3 | 7.26 | 46.48 | 53.74 | NOTE | |
r-devel-linux-x86_64-fedora-clang | 1.1.3 | 126.90 | OK | |||
r-devel-linux-x86_64-fedora-gcc | 1.1.3 | 135.34 | OK | |||
r-devel-macos-arm64 | 1.1.3 | 43.00 | OK | |||
r-devel-macos-x86_64 | 1.1.3 | 124.00 | OK | |||
r-devel-windows-x86_64 | 1.1.3 | 12.00 | 89.00 | 101.00 | NOTE | |
r-patched-linux-x86_64 | 1.1.3 | 14.46 | 63.65 | 78.11 | OK | |
r-release-linux-x86_64 | 1.1.3 | 10.14 | 64.35 | 74.49 | OK | |
r-release-macos-arm64 | 1.1.3 | 42.00 | OK | |||
r-release-macos-x86_64 | 1.1.3 | 72.00 | OK | |||
r-release-windows-x86_64 | 1.1.3 | 14.00 | 106.00 | 120.00 | OK | |
r-oldrel-macos-arm64 | 1.1.3 | 42.00 | OK | |||
r-oldrel-macos-x86_64 | 1.1.3 | 78.00 | OK | |||
r-oldrel-windows-x86_64 | 1.1.3 | 16.00 | 104.00 | 120.00 | OK |
Version: 1.1.3
Check: Rd cross-references
Result: NOTE
Found the following Rd file(s) with Rd \link{} targets missing package
anchors:
AzureKusto.Rd: dbReadTable, dbWriteTable, dbGetQuery, dbSendStatement
DBI_query.Rd: dbConnect, dbReadTable, dbWriteTable
DBI_table.Rd: dbConnect
az_kusto.Rd: az_resource_group
copy_to.kusto_database_endpoint.Rd: collect
kusto-DBI.Rd: dbConnect, dbDisconnect, dbCanConnect, dbExistsTable,
dbCreateTable, dbRemoveTable, dbReadTable, dbWriteTable,
dbGetQuery, dbSendQuery, dbFetch, dbSendStatement, dbExecute,
dbListFields, dbColumnInfo
Please provide package anchors for all Rd \link{} targets not in the
package itself and the base packages.
Flavors: r-devel-linux-x86_64-debian-clang, r-devel-linux-x86_64-debian-gcc, r-devel-windows-x86_64