Last updated on 2025-02-22 06:51:25 CET.
Flavor | Version | Tinstall | Tcheck | Ttotal | Status | Flags |
---|---|---|---|---|---|---|
r-devel-linux-x86_64-debian-clang | 0.3-1 | 6.31 | 57.75 | 64.06 | NOTE | |
r-devel-linux-x86_64-debian-gcc | 0.3-1 | 4.83 | 44.24 | 49.07 | NOTE | |
r-devel-linux-x86_64-fedora-clang | 0.3-1 | 101.72 | NOTE | |||
r-devel-linux-x86_64-fedora-gcc | 0.3-1 | 101.63 | NOTE | |||
r-devel-macos-arm64 | 0.3-1 | 35.00 | NOTE | |||
r-devel-macos-x86_64 | 0.3-1 | 63.00 | NOTE | |||
r-devel-windows-x86_64 | 0.3-1 | 8.00 | 70.00 | 78.00 | NOTE | |
r-patched-linux-x86_64 | 0.3-1 | 5.83 | 53.93 | 59.76 | NOTE | |
r-release-linux-x86_64 | 0.3-1 | 6.35 | 53.64 | 59.99 | NOTE | |
r-release-macos-arm64 | 0.3-1 | 31.00 | NOTE | |||
r-release-macos-x86_64 | 0.3-1 | 43.00 | NOTE | |||
r-release-windows-x86_64 | 0.3-1 | 8.00 | 68.00 | 76.00 | NOTE | |
r-oldrel-macos-arm64 | 0.3-1 | 35.00 | OK | |||
r-oldrel-macos-x86_64 | 0.3-1 | 54.00 | OK | |||
r-oldrel-windows-x86_64 | 0.3-1 | 9.00 | 81.00 | 90.00 | OK |
Version: 0.3-1
Check: Rd files
Result: NOTE
checkRd: (-1) estimate_t0.Rd:41: Lost braces in \itemize; meant \describe ?
checkRd: (-1) estimate_t0.Rd:42: Lost braces in \itemize; meant \describe ?
checkRd: (-1) estimate_t0.Rd:43: Lost braces in \itemize; meant \describe ?
checkRd: (-1) fitArCo.Rd:73: Lost braces in \itemize; meant \describe ?
checkRd: (-1) fitArCo.Rd:74: Lost braces in \itemize; meant \describe ?
checkRd: (-1) fitArCo.Rd:75: Lost braces in \itemize; meant \describe ?
Flavors: r-devel-linux-x86_64-debian-clang, r-devel-linux-x86_64-debian-gcc, r-devel-linux-x86_64-fedora-clang, r-devel-linux-x86_64-fedora-gcc, r-devel-macos-arm64, r-devel-macos-x86_64, r-devel-windows-x86_64, r-patched-linux-x86_64, r-release-linux-x86_64, r-release-macos-arm64, r-release-macos-x86_64, r-release-windows-x86_64