Last updated on 2024-08-06 05:49:40 CEST.
Flavor | Version | Tinstall | Tcheck | Ttotal | Status | Flags |
---|---|---|---|---|---|---|
r-devel-linux-x86_64-debian-clang | 0.4.0 | 99.36 | 50.79 | 150.15 | NOTE | |
r-devel-linux-x86_64-debian-gcc | 0.4.0 | 53.86 | 29.64 | 83.50 | NOTE | |
r-devel-linux-x86_64-fedora-clang | 0.4.0 | 231.45 | NOTE | |||
r-devel-linux-x86_64-fedora-gcc | 0.4.0 | 244.49 | NOTE | |||
r-devel-windows-x86_64 | 0.4.0 | 86.00 | 80.00 | 166.00 | NOTE | |
r-patched-linux-x86_64 | 0.4.0 | 70.05 | 38.08 | 108.13 | NOTE | |
r-release-linux-x86_64 | 0.4.0 | 90.76 | 46.49 | 137.25 | NOTE | |
r-release-macos-arm64 | 0.4.0 | 55.00 | NOTE | |||
r-release-macos-x86_64 | 0.4.0 | 62.00 | NOTE | |||
r-release-windows-x86_64 | 0.4.0 | 86.00 | 78.00 | 164.00 | NOTE | |
r-oldrel-macos-arm64 | 0.4.0 | 65.00 | NOTE | |||
r-oldrel-macos-x86_64 | 0.4.0 | 95.00 | NOTE | |||
r-oldrel-windows-x86_64 | 0.4.0 | 95.00 | 88.00 | 183.00 | OK |
Version: 0.4.0
Check: Rd files
Result: NOTE
checkRd: (-1) word2vec_similarity.Rd:30: Lost braces in \itemize; meant \describe ?
checkRd: (-1) word2vec_similarity.Rd:31: Lost braces in \itemize; meant \describe ?
Flavors: r-devel-linux-x86_64-debian-clang, r-devel-linux-x86_64-debian-gcc, r-devel-linux-x86_64-fedora-clang, r-devel-linux-x86_64-fedora-gcc, r-devel-windows-x86_64, r-patched-linux-x86_64, r-release-linux-x86_64, r-release-macos-arm64, r-release-macos-x86_64, r-release-windows-x86_64
Version: 0.4.0
Check: installed package size
Result: NOTE
installed size is 5.2Mb
sub-directories of 1Mb or more:
libs 4.9Mb
Flavors: r-release-macos-arm64, r-release-macos-x86_64, r-oldrel-macos-arm64, r-oldrel-macos-x86_64