Last updated on 2025-02-02 05:48:39 CET.
Flavor | Version | Tinstall | Tcheck | Ttotal | Status | Flags |
---|---|---|---|---|---|---|
r-devel-linux-x86_64-debian-clang | 0.1.1 | 2.39 | 22.43 | 24.82 | OK | |
r-devel-linux-x86_64-debian-gcc | 0.1.1 | 1.78 | 18.36 | 20.14 | OK | |
r-devel-linux-x86_64-fedora-clang | 0.1.1 | 41.18 | OK | |||
r-devel-linux-x86_64-fedora-gcc | 0.1.1 | 38.51 | OK | |||
r-devel-windows-x86_64 | 0.1.1 | 4.00 | 58.00 | 62.00 | OK | |
r-patched-linux-x86_64 | 0.1.1 | 2.33 | 21.66 | 23.99 | NOTE | |
r-release-linux-x86_64 | 0.1.1 | 2.31 | 21.54 | 23.85 | NOTE | |
r-release-macos-arm64 | 0.1.1 | 17.00 | NOTE | |||
r-release-macos-x86_64 | 0.1.1 | 25.00 | NOTE | |||
r-release-windows-x86_64 | 0.1.1 | 4.00 | 49.00 | 53.00 | NOTE | |
r-oldrel-macos-arm64 | 0.1.1 | 18.00 | NOTE | |||
r-oldrel-macos-x86_64 | 0.1.1 | 23.00 | NOTE | |||
r-oldrel-windows-x86_64 | 0.1.1 | 5.00 | 44.00 | 49.00 | NOTE |
Version: 0.1.1
Check: LazyData
Result: NOTE
'LazyData' is specified without a 'data' directory
Flavors: r-patched-linux-x86_64, r-release-linux-x86_64, r-release-macos-arm64, r-release-macos-x86_64, r-release-windows-x86_64, r-oldrel-macos-arm64, r-oldrel-macos-x86_64, r-oldrel-windows-x86_64