Last updated on 2024-06-26 05:57:46 CEST.
Flavor | Version | Tinstall | Tcheck | Ttotal | Status | Flags |
---|---|---|---|---|---|---|
r-devel-linux-x86_64-debian-clang | 0.3.0 | OK | ||||
r-devel-linux-x86_64-debian-gcc | 0.3.0 | 6.34 | 55.02 | 61.36 | OK | |
r-devel-linux-x86_64-fedora-clang | 0.3.0 | 104.09 | NOTE | |||
r-devel-linux-x86_64-fedora-gcc | 0.3.0 | 106.34 | OK | |||
r-devel-windows-x86_64 | 0.3.0 | 7.00 | 88.00 | 95.00 | NOTE | |
r-patched-linux-x86_64 | 0.3.0 | 13.25 | 71.00 | 84.25 | OK | |
r-release-linux-x86_64 | 0.3.0 | 9.46 | 70.70 | 80.16 | OK | |
r-release-macos-arm64 | 0.3.0 | 41.00 | NOTE | |||
r-release-macos-x86_64 | 0.3.0 | 67.00 | NOTE | |||
r-release-windows-x86_64 | 0.3.0 | 7.00 | 91.00 | 98.00 | NOTE | |
r-oldrel-macos-arm64 | 0.3.0 | 44.00 | NOTE | |||
r-oldrel-macos-x86_64 | 0.3.0 | 113.00 | NOTE | |||
r-oldrel-windows-x86_64 | 0.3.0 | 11.00 | 96.00 | 107.00 | NOTE |
Version: 0.3.0
Check: installed package size
Result: NOTE
installed size is 17.6Mb
sub-directories of 1Mb or more:
data 1.2Mb
doc 1.3Mb
extdata 14.8Mb
Flavors: r-devel-linux-x86_64-fedora-clang, r-devel-windows-x86_64, r-release-macos-arm64, r-release-macos-x86_64, r-release-windows-x86_64, r-oldrel-macos-arm64, r-oldrel-macos-x86_64, r-oldrel-windows-x86_64