Last updated on 2025-02-13 06:49:32 CET.
Flavor | Version | Tinstall | Tcheck | Ttotal | Status | Flags |
---|---|---|---|---|---|---|
r-devel-linux-x86_64-debian-clang | 1.2.1 | 2.53 | 29.64 | 32.17 | NOTE | |
r-devel-linux-x86_64-debian-gcc | 1.2.1 | 1.71 | 23.21 | 24.92 | NOTE | |
r-devel-linux-x86_64-fedora-clang | 1.2.1 | 52.91 | NOTE | |||
r-devel-linux-x86_64-fedora-gcc | 1.2.1 | 48.33 | NOTE | |||
r-devel-windows-x86_64 | 1.2.1 | 5.00 | 52.00 | 57.00 | NOTE | |
r-patched-linux-x86_64 | 1.2.1 | 2.44 | 28.10 | 30.54 | OK | |
r-release-linux-x86_64 | 1.2.1 | 2.46 | 27.87 | 30.33 | OK | |
r-release-macos-arm64 | 1.2.1 | 20.00 | OK | |||
r-release-macos-x86_64 | 1.2.1 | 30.00 | OK | |||
r-release-windows-x86_64 | 1.2.1 | 4.00 | 53.00 | 57.00 | OK | |
r-oldrel-macos-arm64 | 1.2.1 | 23.00 | OK | |||
r-oldrel-macos-x86_64 | 1.2.1 | 41.00 | OK | |||
r-oldrel-windows-x86_64 | 1.2.1 | 5.00 | 72.00 | 77.00 | OK |
Version: 1.2.1
Check: DESCRIPTION meta-information
Result: NOTE
Missing dependency on R >= 4.1.0 because package code uses the pipe
|> or function shorthand \(...) syntax added in R 4.1.0.
File(s) using such syntax:
‘utils.R’
Flavors: r-devel-linux-x86_64-debian-clang, r-devel-linux-x86_64-debian-gcc, r-devel-linux-x86_64-fedora-clang, r-devel-linux-x86_64-fedora-gcc, r-devel-windows-x86_64