Last updated on 2025-02-02 05:48:38 CET.
Flavor | Version | Tinstall | Tcheck | Ttotal | Status | Flags |
---|---|---|---|---|---|---|
r-devel-linux-x86_64-debian-clang | 0.0-6 | 7.74 | 346.95 | 354.69 | NOTE | |
r-devel-linux-x86_64-debian-gcc | 0.0-7 | 5.77 | 225.79 | 231.56 | OK | |
r-devel-linux-x86_64-fedora-clang | 0.0-7 | 468.69 | OK | |||
r-devel-linux-x86_64-fedora-gcc | 0.0-7 | 352.45 | OK | |||
r-devel-windows-x86_64 | 0.0-6 | 11.00 | 358.00 | 369.00 | NOTE | |
r-patched-linux-x86_64 | 0.0-6 | 7.28 | 347.67 | 354.95 | OK | |
r-release-linux-x86_64 | 0.0-6 | 7.26 | 350.49 | 357.75 | OK | |
r-release-macos-arm64 | 0.0-7 | 175.00 | OK | |||
r-release-macos-x86_64 | 0.0-7 | 326.00 | OK | |||
r-release-windows-x86_64 | 0.0-6 | 11.00 | 351.00 | 362.00 | OK | |
r-oldrel-macos-arm64 | 0.0-6 | 183.00 | OK | |||
r-oldrel-macos-x86_64 | 0.0-6 | 424.00 | OK | |||
r-oldrel-windows-x86_64 | 0.0-6 | 11.00 | 477.00 | 488.00 | OK |
Version: 0.0-6
Check: DESCRIPTION meta-information
Result: NOTE
Missing dependency on R >= 4.1.0 because package code uses the pipe
|> or function shorthand \(...) syntax added in R 4.1.0.
File(s) using such syntax:
‘mmltvs.R’ ‘tramvs.R’
Flavors: r-devel-linux-x86_64-debian-clang, r-devel-windows-x86_64