Last updated on 2024-08-16 05:48:36 CEST.
Flavor | Version | Tinstall | Tcheck | Ttotal | Status | Flags |
---|---|---|---|---|---|---|
r-devel-linux-x86_64-debian-clang | 2.1.1 | 2.35 | 30.85 | 33.20 | NOTE | |
r-devel-linux-x86_64-debian-gcc | 2.1.1 | 1.95 | 23.26 | 25.21 | NOTE | |
r-devel-linux-x86_64-fedora-clang | 2.1.1 | 55.30 | NOTE | |||
r-devel-linux-x86_64-fedora-gcc | 2.1.1 | 67.94 | NOTE | |||
r-devel-windows-x86_64 | 2.1.1 | 4.00 | 56.00 | 60.00 | NOTE | |
r-patched-linux-x86_64 | 2.1.1 | 2.92 | 29.08 | 32.00 | NOTE | |
r-release-linux-x86_64 | 2.1.1 | 2.73 | 29.62 | 32.35 | NOTE | |
r-release-macos-arm64 | 2.1.1 | 28.00 | NOTE | |||
r-release-macos-x86_64 | 2.1.1 | 39.00 | NOTE | |||
r-release-windows-x86_64 | 2.1.1 | 4.00 | 56.00 | 60.00 | NOTE | |
r-oldrel-macos-arm64 | 2.1.1 | 26.00 | NOTE | |||
r-oldrel-macos-x86_64 | 2.1.1 | 38.00 | NOTE | |||
r-oldrel-windows-x86_64 | 2.1.1 | 5.00 | 56.00 | 61.00 | NOTE |
Version: 2.1.1
Check: LazyData
Result: NOTE
'LazyData' is specified without a 'data' directory
Flavors: r-devel-linux-x86_64-debian-clang, r-devel-linux-x86_64-debian-gcc, r-devel-linux-x86_64-fedora-clang, r-devel-linux-x86_64-fedora-gcc, r-devel-windows-x86_64, r-patched-linux-x86_64, r-release-linux-x86_64, r-release-macos-arm64, r-release-macos-x86_64, r-release-windows-x86_64, r-oldrel-macos-arm64, r-oldrel-macos-x86_64, r-oldrel-windows-x86_64