Last updated on 2024-06-30 05:53:21 CEST.
Flavor | Version | Tinstall | Tcheck | Ttotal | Status | Flags |
---|---|---|---|---|---|---|
r-devel-linux-x86_64-debian-clang | 0.1.1 | 5.13 | 59.40 | 64.53 | OK | |
r-devel-linux-x86_64-debian-gcc | 0.1.1 | 4.52 | 44.49 | 49.01 | OK | |
r-devel-linux-x86_64-fedora-clang | 0.1.1 | 82.57 | NOTE | |||
r-devel-linux-x86_64-fedora-gcc | 0.1.1 | 76.54 | NOTE | |||
r-devel-windows-x86_64 | 0.1.1 | 7.00 | 63.00 | 70.00 | OK | |
r-patched-linux-x86_64 | 0.1.1 | 5.97 | 56.97 | 62.94 | OK | |
r-release-linux-x86_64 | 0.1.1 | 5.32 | 57.68 | 63.00 | OK | |
r-release-macos-arm64 | 0.1.1 | 26.00 | OK | |||
r-release-macos-x86_64 | 0.1.1 | 38.00 | OK | |||
r-release-windows-x86_64 | 0.1.1 | 6.00 | 62.00 | 68.00 | OK | |
r-oldrel-macos-arm64 | 0.1.1 | 29.00 | OK | |||
r-oldrel-macos-x86_64 | 0.1.1 | 40.00 | OK | |||
r-oldrel-windows-x86_64 | 0.1.1 | 8.00 | 73.00 | 81.00 | OK |
Version: 0.1.1
Check: dependencies in R code
Result: NOTE
Namespace in Imports field not imported from: ‘base’
All declared Imports should be used.
Flavors: r-devel-linux-x86_64-fedora-clang, r-devel-linux-x86_64-fedora-gcc