Last updated on 2024-06-30 05:53:21 CEST.
Flavor | Version | Tinstall | Tcheck | Ttotal | Status | Flags |
---|---|---|---|---|---|---|
r-devel-linux-x86_64-debian-clang | 0.1.5 | 7.38 | 96.48 | 103.86 | NOTE | |
r-devel-linux-x86_64-debian-gcc | 0.1.5 | 4.32 | 72.45 | 76.77 | NOTE | |
r-devel-linux-x86_64-fedora-clang | 0.2.7 | 292.92 | OK | |||
r-devel-linux-x86_64-fedora-gcc | 0.1.5 | 142.11 | NOTE | |||
r-devel-windows-x86_64 | 0.1.5 | 7.00 | 93.00 | 100.00 | NOTE | |
r-patched-linux-x86_64 | 0.1.5 | 6.44 | 93.61 | 100.05 | NOTE | |
r-release-linux-x86_64 | 0.1.5 | 5.98 | 93.75 | 99.73 | NOTE | |
r-release-macos-arm64 | 0.1.5 | 44.00 | NOTE | |||
r-release-macos-x86_64 | 0.2.7 | 188.00 | OK | |||
r-release-windows-x86_64 | 0.2.7 | 10.00 | 140.00 | 150.00 | OK | |
r-oldrel-macos-arm64 | 0.1.5 | 48.00 | NOTE | |||
r-oldrel-macos-x86_64 | 0.1.5 | 79.00 | NOTE | |||
r-oldrel-windows-x86_64 | 0.2.7 | 13.00 | 137.00 | 150.00 | OK |
Version: 0.1.5
Check: LazyData
Result: NOTE
'LazyData' is specified without a 'data' directory
Flavors: r-devel-linux-x86_64-debian-clang, r-devel-linux-x86_64-debian-gcc, r-devel-linux-x86_64-fedora-gcc, r-devel-windows-x86_64, r-patched-linux-x86_64, r-release-linux-x86_64, r-release-macos-arm64, r-oldrel-macos-arm64, r-oldrel-macos-x86_64