Last updated on 2024-06-30 05:53:21 CEST.
Flavor | Version | Tinstall | Tcheck | Ttotal | Status | Flags |
---|---|---|---|---|---|---|
r-devel-linux-x86_64-debian-clang | 0.1.0 | 2.12 | 25.75 | 27.87 | OK | |
r-devel-linux-x86_64-debian-gcc | 0.1.0 | 1.74 | 20.15 | 21.89 | OK | |
r-devel-linux-x86_64-fedora-clang | 0.1.0 | 35.50 | NOTE | |||
r-devel-linux-x86_64-fedora-gcc | 0.1.0 | 32.94 | OK | |||
r-devel-windows-x86_64 | 0.1.0 | 3.00 | 41.00 | 44.00 | OK | |
r-patched-linux-x86_64 | 0.1.0 | 1.69 | 24.81 | 26.50 | OK | |
r-release-linux-x86_64 | 0.1.0 | 1.54 | 25.10 | 26.64 | OK | |
r-release-macos-arm64 | 0.1.0 | 18.00 | OK | |||
r-release-macos-x86_64 | 0.1.0 | 23.00 | OK | |||
r-release-windows-x86_64 | 0.1.0 | 3.00 | 42.00 | 45.00 | OK | |
r-oldrel-macos-arm64 | 0.1.0 | 17.00 | OK | |||
r-oldrel-macos-x86_64 | 0.1.0 | 21.00 | OK | |||
r-oldrel-windows-x86_64 | 0.1.0 | 3.00 | 45.00 | 48.00 | OK |
Version: 0.1.0
Check: Rd cross-references
Result: NOTE
Undeclared package ‘tidyselect’ in Rd xrefs
Flavor: r-devel-linux-x86_64-fedora-clang