Last updated on 2024-08-06 05:49:37 CEST.
Flavor | Version | Tinstall | Tcheck | Ttotal | Status | Flags |
---|---|---|---|---|---|---|
r-devel-linux-x86_64-debian-clang | 0.9.5 | 37.92 | 699.23 | 737.15 | OK | |
r-devel-linux-x86_64-debian-gcc | 0.9.5 | 18.72 | 327.37 | 346.09 | OK | |
r-devel-linux-x86_64-fedora-clang | 0.9.5 | 877.13 | NOTE | |||
r-devel-linux-x86_64-fedora-gcc | 0.9.5 | 899.65 | OK | |||
r-devel-windows-x86_64 | 0.9.5 | 31.00 | 496.00 | 527.00 | NOTE | |
r-patched-linux-x86_64 | 0.9.5 | 36.24 | 482.03 | 518.27 | OK | |
r-release-linux-x86_64 | 0.9.5 | 22.92 | 661.39 | 684.31 | OK | |
r-release-macos-arm64 | 0.9.5 | 173.00 | NOTE | |||
r-release-macos-x86_64 | 0.9.5 | 364.00 | NOTE | |||
r-release-windows-x86_64 | 0.9.5 | 30.00 | 484.00 | 514.00 | NOTE | |
r-oldrel-macos-arm64 | 0.9.5 | 258.00 | NOTE | |||
r-oldrel-macos-x86_64 | 0.9.5 | 448.00 | NOTE | |||
r-oldrel-windows-x86_64 | 0.9.5 | 42.00 | 647.00 | 689.00 | NOTE |
Version: 0.9.5
Check: package dependencies
Result: NOTE
Imports includes 21 non-default packages.
Importing from so many packages makes the package vulnerable to any of
them becoming unavailable. Move as many as possible to Suggests and
use conditionally.
Flavor: r-devel-linux-x86_64-fedora-clang
Version: 0.9.5
Check: installed package size
Result: NOTE
installed size is 8.5Mb
sub-directories of 1Mb or more:
doc 4.5Mb
help 2.7Mb
Flavors: r-devel-linux-x86_64-fedora-clang, r-devel-windows-x86_64, r-release-macos-arm64, r-release-macos-x86_64, r-release-windows-x86_64, r-oldrel-macos-arm64, r-oldrel-macos-x86_64, r-oldrel-windows-x86_64