Last updated on 2025-02-02 05:48:38 CET.
Flavor | Version | Tinstall | Tcheck | Ttotal | Status | Flags |
---|---|---|---|---|---|---|
r-devel-linux-x86_64-debian-clang | 0.1.2 | 3.71 | 34.92 | 38.63 | OK | |
r-devel-linux-x86_64-debian-gcc | 0.1.2 | 2.52 | 26.90 | 29.42 | OK | |
r-devel-linux-x86_64-fedora-clang | 0.1.2 | 63.27 | OK | |||
r-devel-linux-x86_64-fedora-gcc | 0.1.2 | 71.71 | OK | |||
r-devel-windows-x86_64 | 0.1.2 | 5.00 | 56.00 | 61.00 | OK | |
r-patched-linux-x86_64 | 0.1.2 | 3.62 | 33.11 | 36.73 | NOTE | |
r-release-linux-x86_64 | 0.1.2 | 3.37 | 33.22 | 36.59 | NOTE | |
r-release-macos-arm64 | 0.1.2 | 28.00 | NOTE | |||
r-release-macos-x86_64 | 0.1.2 | 45.00 | NOTE | |||
r-release-windows-x86_64 | 0.1.2 | 5.00 | 54.00 | 59.00 | NOTE | |
r-oldrel-macos-arm64 | 0.1.2 | 29.00 | NOTE | |||
r-oldrel-macos-x86_64 | 0.1.2 | 43.00 | NOTE | |||
r-oldrel-windows-x86_64 | 0.1.2 | 5.00 | 61.00 | 66.00 | NOTE |
Version: 0.1.2
Check: LazyData
Result: NOTE
'LazyData' is specified without a 'data' directory
Flavors: r-patched-linux-x86_64, r-release-linux-x86_64, r-release-macos-arm64, r-release-macos-x86_64, r-release-windows-x86_64, r-oldrel-macos-arm64, r-oldrel-macos-x86_64, r-oldrel-windows-x86_64