Last updated on 2024-08-07 05:50:16 CEST.
Flavor | Version | Tinstall | Tcheck | Ttotal | Status | Flags |
---|---|---|---|---|---|---|
r-devel-linux-x86_64-debian-clang | 1.0.4 | 2.11 | 21.53 | 23.64 | OK | |
r-devel-linux-x86_64-debian-gcc | 1.0.4 | 1.67 | 17.06 | 18.73 | OK | |
r-devel-linux-x86_64-fedora-clang | 1.0.4 | 38.73 | NOTE | |||
r-devel-linux-x86_64-fedora-gcc | 1.0.4 | 38.36 | NOTE | |||
r-devel-windows-x86_64 | 1.0.4 | 4.00 | 49.00 | 53.00 | OK | |
r-patched-linux-x86_64 | 1.0.4 | 2.76 | 20.92 | 23.68 | OK | |
r-release-linux-x86_64 | 1.0.4 | 2.21 | 20.76 | 22.97 | OK | |
r-release-macos-arm64 | 1.0.4 | 18.00 | OK | |||
r-release-macos-x86_64 | 1.0.4 | 23.00 | OK | |||
r-release-windows-x86_64 | 1.0.4 | 4.00 | 49.00 | 53.00 | OK | |
r-oldrel-macos-arm64 | 1.0.4 | 20.00 | OK | |||
r-oldrel-macos-x86_64 | 1.0.4 | 23.00 | OK | |||
r-oldrel-windows-x86_64 | 1.0.4 | 5.00 | 52.00 | 57.00 | OK |
Version: 1.0.4
Check: dependencies in R code
Result: NOTE
Namespace in Imports field not imported from: ‘learnr’
All declared Imports should be used.
Flavors: r-devel-linux-x86_64-fedora-clang, r-devel-linux-x86_64-fedora-gcc