Last updated on 2024-06-30 05:53:20 CEST.
Flavor | Version | Tinstall | Tcheck | Ttotal | Status | Flags |
---|---|---|---|---|---|---|
r-devel-linux-x86_64-debian-clang | 1.2 | 17.69 | 126.57 | 144.26 | NOTE | |
r-devel-linux-x86_64-debian-gcc | 1.2 | 13.55 | 90.93 | 104.48 | NOTE | |
r-devel-linux-x86_64-fedora-clang | 1.2 | 177.93 | NOTE | |||
r-devel-linux-x86_64-fedora-gcc | 1.2 | 165.21 | NOTE | |||
r-devel-windows-x86_64 | 1.2 | 15.00 | 99.00 | 114.00 | NOTE | |
r-patched-linux-x86_64 | 1.2 | 16.57 | 118.72 | 135.29 | NOTE | |
r-release-linux-x86_64 | 1.2 | 10.32 | 120.81 | 131.13 | NOTE | |
r-release-macos-arm64 | 1.2 | 50.00 | NOTE | |||
r-release-macos-x86_64 | 1.2 | 87.00 | NOTE | |||
r-release-windows-x86_64 | 1.2 | 14.00 | 99.00 | 113.00 | NOTE | |
r-oldrel-macos-arm64 | 1.2 | 53.00 | OK | |||
r-oldrel-macos-x86_64 | 1.2 | 50.00 | OK | |||
r-oldrel-windows-x86_64 | 1.2 | 20.00 | 123.00 | 143.00 | OK |
Version: 1.2
Check: Rd files
Result: NOTE
checkRd: (-1) BiclustSet-class.Rd:19: Lost braces
19 | \item{\code{Number}:}{code{"numeric"}, number of biclusters in the set}
| ^
Flavors: r-devel-linux-x86_64-debian-clang, r-devel-linux-x86_64-debian-gcc, r-devel-linux-x86_64-fedora-clang, r-devel-linux-x86_64-fedora-gcc, r-devel-windows-x86_64, r-patched-linux-x86_64, r-release-linux-x86_64, r-release-macos-arm64, r-release-macos-x86_64, r-release-windows-x86_64