Last updated on 2025-02-02 05:48:37 CET.
Flavor | Version | Tinstall | Tcheck | Ttotal | Status | Flags |
---|---|---|---|---|---|---|
r-devel-linux-x86_64-debian-clang | 0.4.3 | 11.40 | 105.34 | 116.74 | NOTE | |
r-devel-linux-x86_64-debian-gcc | 0.4.3 | 8.28 | 75.16 | 83.44 | NOTE | |
r-devel-linux-x86_64-fedora-clang | 0.4.3 | 187.22 | NOTE | |||
r-devel-linux-x86_64-fedora-gcc | 0.4.3 | 194.00 | NOTE | |||
r-devel-windows-x86_64 | 0.4.3 | 13.00 | 111.00 | 124.00 | NOTE | |
r-patched-linux-x86_64 | 0.4.3 | 10.61 | 96.58 | 107.19 | OK | |
r-release-linux-x86_64 | 0.4.3 | 10.32 | 96.39 | 106.71 | OK | |
r-release-macos-arm64 | 0.4.3 | 59.00 | OK | |||
r-release-macos-x86_64 | 0.4.3 | 172.00 | OK | |||
r-release-windows-x86_64 | 0.4.3 | 13.00 | 103.00 | 116.00 | OK | |
r-oldrel-macos-arm64 | 0.4.3 | 62.00 | OK | |||
r-oldrel-macos-x86_64 | 0.4.3 | 113.00 | OK | |||
r-oldrel-windows-x86_64 | 0.4.3 | 16.00 | 129.00 | 145.00 | OK |
Version: 0.4.3
Check: DESCRIPTION meta-information
Result: NOTE
Missing dependency on R >= 4.1.0 because package code uses the pipe
|> or function shorthand \(...) syntax added in R 4.1.0.
File(s) using such syntax:
‘stm_diag.R’ ‘stm_effects.R’ ‘stm_network.R’
Flavors: r-devel-linux-x86_64-debian-clang, r-devel-linux-x86_64-debian-gcc, r-devel-linux-x86_64-fedora-clang, r-devel-linux-x86_64-fedora-gcc, r-devel-windows-x86_64