Last updated on 2025-02-09 07:52:45 CET.
Flavor | Version | Tinstall | Tcheck | Ttotal | Status | Flags |
---|---|---|---|---|---|---|
r-devel-linux-x86_64-debian-clang | 4.11.0 | 5.12 | 37.52 | 42.64 | NOTE | |
r-devel-linux-x86_64-debian-gcc | 4.11.0 | 3.46 | 28.05 | 31.51 | NOTE | |
r-devel-linux-x86_64-fedora-clang | 4.11.0 | 68.27 | NOTE | |||
r-devel-linux-x86_64-fedora-gcc | 4.11.0 | 66.25 | NOTE | |||
r-devel-windows-x86_64 | 4.11.0 | 8.00 | 70.00 | 78.00 | NOTE | |
r-patched-linux-x86_64 | 4.11.0 | 5.38 | 35.42 | 40.80 | NOTE | |
r-release-linux-x86_64 | 4.11.0 | 4.67 | 35.58 | 40.25 | NOTE | |
r-release-macos-arm64 | 4.11.0 | 28.00 | NOTE | |||
r-release-macos-x86_64 | 4.11.0 | 52.00 | NOTE | |||
r-release-windows-x86_64 | 4.11.0 | 8.00 | 70.00 | 78.00 | NOTE | |
r-oldrel-macos-arm64 | 4.11.0 | 45.00 | NOTE | |||
r-oldrel-macos-x86_64 | 4.11.0 | 65.00 | NOTE | |||
r-oldrel-windows-x86_64 | 4.11.0 | 10.00 | 80.00 | 90.00 | NOTE |
Version: 4.11.0
Check: R code for possible problems
Result: NOTE
Found the following possibly unsafe calls:
File ‘statnet.common/R/control.utilities.R’:
unlockBinding("snctrl", environment(snctrl))
unlockBinding("snctrl", environment(update_my_snctrl))
Flavors: r-devel-linux-x86_64-debian-clang, r-devel-linux-x86_64-debian-gcc, r-devel-linux-x86_64-fedora-clang, r-devel-linux-x86_64-fedora-gcc, r-devel-windows-x86_64, r-patched-linux-x86_64, r-release-linux-x86_64, r-release-macos-arm64, r-release-macos-x86_64, r-release-windows-x86_64, r-oldrel-macos-arm64, r-oldrel-macos-x86_64, r-oldrel-windows-x86_64